CRAN Package Check Results for Package redbookperu

Last updated on 2024-05-22 06:56:51 CEST.

Flavor Version Tinstall Tcheck Ttotal Status Flags
r-devel-linux-x86_64-debian-clang 0.0.2 4.78 26.29 31.07 OK
r-devel-linux-x86_64-debian-gcc 0.0.2 3.58 20.73 24.31 OK
r-devel-linux-x86_64-fedora-clang 0.0.2 39.38 NOTE
r-devel-linux-x86_64-fedora-gcc 0.0.2 37.09 NOTE
r-devel-windows-x86_64 0.0.2 5.00 45.00 50.00 OK
r-patched-linux-x86_64 0.0.2 3.81 25.27 29.08 OK
r-release-linux-x86_64 0.0.2 4.61 26.14 30.75 OK
r-release-macos-arm64 0.0.2 17.00 OK
r-release-windows-x86_64 0.0.2 5.00 45.00 50.00 OK
r-oldrel-macos-arm64 0.0.2 21.00 OK
r-oldrel-macos-x86_64 0.0.2 32.00 OK
r-oldrel-windows-x86_64 0.0.2 4.00 45.00 49.00 OK

Check Details

Version: 0.0.2
Check: data for non-ASCII characters
Result: NOTE Note: found 9698 marked UTF-8 strings Flavors: r-devel-linux-x86_64-fedora-clang, r-devel-linux-x86_64-fedora-gcc