Last updated on 2023-02-05 07:57:33 CET.
Flavor | Version | Tinstall | Tcheck | Ttotal | Status | Flags |
---|---|---|---|---|---|---|
r-devel-linux-x86_64-debian-clang | 0.1.0 | 5.59 | 196.51 | 202.10 | OK | |
r-devel-linux-x86_64-debian-gcc | 0.1.0 | 4.02 | 139.80 | 143.82 | OK | |
r-devel-linux-x86_64-fedora-clang | 0.1.0 | 250.16 | NOTE | |||
r-devel-linux-x86_64-fedora-gcc | 0.1.0 | 247.45 | OK | |||
r-devel-windows-x86_64 | 0.1.0 | 56.00 | 249.00 | 305.00 | OK | |
r-patched-linux-x86_64 | 0.1.0 | 5.79 | 190.06 | 195.85 | OK | |
r-release-linux-x86_64 | 0.1.0 | 5.04 | 182.38 | 187.42 | OK | |
r-release-macos-arm64 | 0.1.0 | 94.00 | OK | |||
r-release-macos-x86_64 | 0.1.0 | 142.00 | OK | |||
r-release-windows-x86_64 | 0.1.0 | 73.00 | 249.00 | 322.00 | OK | |
r-oldrel-macos-arm64 | 0.1.0 | 76.00 | OK | |||
r-oldrel-macos-x86_64 | 0.1.0 | 120.00 | OK | |||
r-oldrel-windows-ix86+x86_64 | 0.1.0 | 11.00 | 235.00 | 246.00 | OK |
Version: 0.1.0
Check: Rd cross-references
Result: NOTE
Undeclared package ‘jpeg’ in Rd xrefs
Flavor: r-devel-linux-x86_64-fedora-clang