Last updated on 2023-01-29 08:57:11 CET.
Flavor | Version | Tinstall | Tcheck | Ttotal | Status | Flags |
---|---|---|---|---|---|---|
r-devel-linux-x86_64-debian-clang | 0.2.0 | 26.25 | 70.35 | 96.60 | OK | |
r-devel-linux-x86_64-debian-gcc | 0.2.0 | 19.28 | 50.94 | 70.22 | NOTE | |
r-devel-linux-x86_64-fedora-clang | 0.2.0 | 130.93 | NOTE | |||
r-devel-linux-x86_64-fedora-gcc | 0.2.0 | 133.22 | NOTE | |||
r-devel-windows-x86_64 | 0.2.0 | 46.00 | 139.00 | 185.00 | NOTE | |
r-patched-linux-x86_64 | 0.2.0 | 25.32 | 63.75 | 89.07 | OK | |
r-release-linux-x86_64 | 0.2.0 | 20.04 | 60.24 | 80.28 | OK | |
r-release-macos-arm64 | 0.2.0 | 44.00 | OK | |||
r-release-macos-x86_64 | 0.2.0 | 62.00 | OK | |||
r-release-windows-x86_64 | 0.2.0 | 160.00 | 123.00 | 283.00 | OK | |
r-oldrel-macos-arm64 | 0.2.0 | 44.00 | OK | |||
r-oldrel-macos-x86_64 | 0.2.0 | 71.00 | OK | |||
r-oldrel-windows-ix86+x86_64 | 0.2.0 | 64.00 | 160.00 | 224.00 | OK |
Version: 0.2.0
Check: C++ specification
Result: NOTE
Specified C++11: please update to current default of C++17
Flavors: r-devel-linux-x86_64-debian-gcc, r-devel-linux-x86_64-fedora-clang, r-devel-linux-x86_64-fedora-gcc, r-devel-windows-x86_64
Version: 0.2.0
Check: Rd cross-references
Result: NOTE
Undeclared package ‘snow’ in Rd xrefs
Flavor: r-devel-linux-x86_64-fedora-clang