CRAN Package Check Results for Package rechonest

Last updated on 2023-09-21 07:55:04 CEST.

Flavor Version Tinstall Tcheck Ttotal Status Flags
r-devel-linux-x86_64-debian-clang 1.2 4.36 36.85 41.21 NOTE
r-devel-linux-x86_64-debian-gcc 1.2 3.44 27.40 30.84 NOTE
r-devel-linux-x86_64-fedora-clang 1.2 52.79 NOTE
r-devel-linux-x86_64-fedora-gcc 1.2 47.72 NOTE
r-devel-windows-x86_64 1.2 6.00 51.00 57.00 NOTE
r-patched-linux-x86_64 1.2 4.44 35.64 40.08 NOTE
r-release-linux-x86_64 1.2 4.13 35.40 39.53 NOTE
r-release-macos-arm64 1.2 20.00 NOTE
r-release-macos-x86_64 1.2 24.00 NOTE
r-release-windows-x86_64 1.2 7.00 53.00 60.00 NOTE
r-oldrel-macos-arm64 1.2 21.00 NOTE
r-oldrel-macos-x86_64 1.2 27.00 NOTE
r-oldrel-windows-x86_64 1.2 6.00 55.00 61.00 NOTE

Check Details

Version: 1.2
Check: LazyData
Result: NOTE
     'LazyData' is specified without a 'data' directory
Flavors: r-devel-linux-x86_64-debian-clang, r-devel-linux-x86_64-debian-gcc, r-devel-linux-x86_64-fedora-clang, r-devel-linux-x86_64-fedora-gcc, r-devel-windows-x86_64, r-patched-linux-x86_64, r-release-linux-x86_64, r-release-macos-arm64, r-release-macos-x86_64, r-release-windows-x86_64, r-oldrel-macos-arm64, r-oldrel-macos-x86_64, r-oldrel-windows-x86_64