CRAN Package Check Results for Package rebus.unicode

Last updated on 2024-05-18 08:57:58 CEST.

Flavor Version Tinstall Tcheck Ttotal Status Flags
r-devel-linux-x86_64-debian-clang 0.0-2 3.95 28.80 32.75 NOTE
r-devel-linux-x86_64-debian-gcc 0.0-2 2.50 21.56 24.06 NOTE
r-devel-linux-x86_64-fedora-clang 0.0-2 39.22 NOTE
r-devel-linux-x86_64-fedora-gcc 0.0-2 41.11 NOTE
r-devel-windows-x86_64 0.0-2 4.00 43.00 47.00 NOTE
r-patched-linux-x86_64 0.0-2 4.84 26.99 31.83 NOTE
r-release-linux-x86_64 0.0-2 3.46 27.58 31.04 NOTE
r-release-macos-arm64 0.0-2 16.00 NOTE
r-release-windows-x86_64 0.0-2 4.00 42.00 46.00 NOTE
r-oldrel-macos-arm64 0.0-2 17.00 NOTE
r-oldrel-macos-x86_64 0.0-2 22.00 NOTE
r-oldrel-windows-x86_64 0.0-2 5.00 45.00 50.00 NOTE

Check Details

Version: 0.0-2
Check: LazyData
Result: NOTE 'LazyData' is specified without a 'data' directory Flavors: r-devel-linux-x86_64-debian-clang, r-devel-linux-x86_64-debian-gcc, r-devel-linux-x86_64-fedora-clang, r-devel-linux-x86_64-fedora-gcc, r-devel-windows-x86_64, r-patched-linux-x86_64, r-release-linux-x86_64, r-release-macos-arm64, r-release-windows-x86_64, r-oldrel-macos-arm64, r-oldrel-macos-x86_64, r-oldrel-windows-x86_64