Last updated on 2023-10-01 08:52:08 CEST.
Flavor | Version | Tinstall | Tcheck | Ttotal | Status | Flags |
---|---|---|---|---|---|---|
r-devel-linux-x86_64-debian-clang | 0.0-2 | 2.54 | 27.91 | 30.45 | NOTE | |
r-devel-linux-x86_64-debian-gcc | 0.0-2 | 2.55 | 21.63 | 24.18 | NOTE | |
r-devel-linux-x86_64-fedora-clang | 0.0-2 | 39.83 | NOTE | |||
r-devel-linux-x86_64-fedora-gcc | 0.0-2 | 37.25 | NOTE | |||
r-devel-windows-x86_64 | 0.0-2 | 4.00 | 43.00 | 47.00 | NOTE | |
r-patched-linux-x86_64 | 0.0-2 | 4.24 | 27.15 | 31.39 | NOTE | |
r-release-linux-x86_64 | 0.0-2 | 3.40 | 27.73 | 31.13 | NOTE | |
r-release-macos-arm64 | 0.0-2 | 17.00 | NOTE | |||
r-release-macos-x86_64 | 0.0-2 | 22.00 | NOTE | |||
r-release-windows-x86_64 | 0.0-2 | 5.00 | 44.00 | 49.00 | NOTE | |
r-oldrel-macos-arm64 | 0.0-2 | 18.00 | NOTE | |||
r-oldrel-macos-x86_64 | 0.0-2 | 23.00 | NOTE | |||
r-oldrel-windows-x86_64 | 0.0-2 | 5.00 | 45.00 | 50.00 | NOTE |
Version: 0.0-2
Check: LazyData
Result: NOTE
'LazyData' is specified without a 'data' directory
Flavors: r-devel-linux-x86_64-debian-clang, r-devel-linux-x86_64-debian-gcc, r-devel-linux-x86_64-fedora-clang, r-devel-linux-x86_64-fedora-gcc, r-devel-windows-x86_64, r-patched-linux-x86_64, r-release-linux-x86_64, r-release-macos-arm64, r-release-macos-x86_64, r-release-windows-x86_64, r-oldrel-macos-arm64, r-oldrel-macos-x86_64, r-oldrel-windows-x86_64