Last updated on 2023-10-01 08:52:08 CEST.
Flavor | Version | Tinstall | Tcheck | Ttotal | Status | Flags |
---|---|---|---|---|---|---|
r-devel-linux-x86_64-debian-clang | 0.0-1 | 2.28 | 22.65 | 24.93 | NOTE | |
r-devel-linux-x86_64-debian-gcc | 0.0-1 | 1.39 | 18.16 | 19.55 | NOTE | |
r-devel-linux-x86_64-fedora-clang | 0.0-1 | 32.22 | NOTE | |||
r-devel-linux-x86_64-fedora-gcc | 0.0-1 | 30.34 | NOTE | |||
r-devel-windows-x86_64 | 0.0-1 | 3.00 | 41.00 | 44.00 | NOTE | |
r-patched-linux-x86_64 | 0.0-1 | 4.23 | 22.87 | 27.10 | NOTE | |
r-release-linux-x86_64 | 0.0-1 | 1.49 | 23.00 | 24.49 | NOTE | |
r-release-macos-arm64 | 0.0-1 | 18.00 | NOTE | |||
r-release-macos-x86_64 | 0.0-1 | 20.00 | NOTE | |||
r-release-windows-x86_64 | 0.0-1 | 3.00 | 41.00 | 44.00 | NOTE | |
r-oldrel-macos-arm64 | 0.0-1 | 15.00 | NOTE | |||
r-oldrel-macos-x86_64 | 0.0-1 | 22.00 | NOTE | |||
r-oldrel-windows-x86_64 | 0.0-1 | 3.00 | 43.00 | 46.00 | NOTE |
Version: 0.0-1
Check: LazyData
Result: NOTE
'LazyData' is specified without a 'data' directory
Flavors: r-devel-linux-x86_64-debian-clang, r-devel-linux-x86_64-debian-gcc, r-devel-linux-x86_64-fedora-clang, r-devel-linux-x86_64-fedora-gcc, r-devel-windows-x86_64, r-patched-linux-x86_64, r-release-linux-x86_64, r-release-macos-arm64, r-release-macos-x86_64, r-release-windows-x86_64, r-oldrel-macos-arm64, r-oldrel-macos-x86_64, r-oldrel-windows-x86_64