CRAN Package Check Results for Package rebus

Last updated on 2023-06-01 07:57:10 CEST.

Flavor Version Tinstall Tcheck Ttotal Status Flags
r-devel-linux-x86_64-debian-clang 0.1-3 2.58 27.25 29.83 NOTE
r-devel-linux-x86_64-debian-gcc 0.1-3 1.67 21.82 23.49 NOTE
r-devel-linux-x86_64-fedora-clang 0.1-3 38.06 NOTE
r-devel-linux-x86_64-fedora-gcc 0.1-3 36.08 NOTE
r-devel-windows-x86_64 0.1-3 3.00 53.00 56.00 NOTE
r-patched-linux-x86_64 0.1-3 NOTE
r-release-linux-x86_64 0.1-3 2.30 26.69 28.99 NOTE
r-release-macos-arm64 0.1-3 18.00 NOTE
r-release-macos-x86_64 0.1-3 25.00 NOTE
r-release-windows-x86_64 0.1-3 4.00 52.00 56.00 NOTE
r-oldrel-macos-arm64 0.1-3 19.00 NOTE
r-oldrel-macos-x86_64 0.1-3 23.00 NOTE
r-oldrel-windows-x86_64 0.1-3 5.00 51.00 56.00 NOTE

Check Details

Version: 0.1-3
Check: LazyData
Result: NOTE
     'LazyData' is specified without a 'data' directory
Flavors: r-devel-linux-x86_64-debian-clang, r-devel-linux-x86_64-debian-gcc, r-devel-linux-x86_64-fedora-clang, r-devel-linux-x86_64-fedora-gcc, r-devel-windows-x86_64, r-patched-linux-x86_64, r-release-linux-x86_64, r-release-macos-arm64, r-release-macos-x86_64, r-release-windows-x86_64, r-oldrel-macos-arm64, r-oldrel-macos-x86_64, r-oldrel-windows-x86_64