CRAN Package Check Results for Package readsparse

Last updated on 2023-02-03 06:50:30 CET.

Flavor Version Tinstall Tcheck Ttotal Status Flags
r-devel-linux-x86_64-debian-clang 0.1.5-3 46.46 78.49 124.95 NOTE
r-devel-linux-x86_64-debian-gcc 0.1.5-3 35.15 60.03 95.18 NOTE
r-devel-linux-x86_64-fedora-clang 0.1.5-3 158.52 NOTE
r-devel-linux-x86_64-fedora-gcc 0.1.5-3 167.43 NOTE
r-patched-linux-x86_64 0.1.5-3 40.18 76.77 116.95 OK
r-release-linux-x86_64 0.1.5-3 33.74 75.55 109.29 OK
r-release-macos-arm64 0.1.5-3 44.00 OK
r-release-macos-x86_64 0.1.5-3 59.00 OK
r-release-windows-x86_64 0.1.5-3 47.00 125.00 172.00 OK
r-oldrel-macos-arm64 0.1.5-3 47.00 OK
r-oldrel-macos-x86_64 0.1.5-3 63.00 OK
r-oldrel-windows-ix86+x86_64 0.1.5-3 95.00 142.00 237.00 OK

Check Details

Version: 0.1.5-3
Check: C++ specification
Result: NOTE
     Specified C++11: please update to current default of C++17
Flavors: r-devel-linux-x86_64-debian-clang, r-devel-linux-x86_64-debian-gcc, r-devel-linux-x86_64-fedora-clang, r-devel-linux-x86_64-fedora-gcc