Last updated on 2023-09-21 07:55:04 CEST.
Flavor | Version | Tinstall | Tcheck | Ttotal | Status | Flags |
---|---|---|---|---|---|---|
r-devel-linux-x86_64-debian-clang | 2.1.4 | 74.75 | 128.14 | 202.89 | OK | |
r-devel-linux-x86_64-debian-gcc | 2.1.4 | 58.66 | 94.21 | 152.87 | OK | |
r-devel-linux-x86_64-fedora-clang | 2.1.4 | 293.44 | NOTE | |||
r-devel-linux-x86_64-fedora-gcc | 2.1.4 | 279.13 | OK | |||
r-devel-windows-x86_64 | 2.1.4 | 72.00 | 149.00 | 221.00 | OK | |
r-patched-linux-x86_64 | 2.1.4 | 83.02 | 120.68 | 203.70 | OK | |
r-release-linux-x86_64 | 2.1.4 | 77.43 | 122.15 | 199.58 | OK | |
r-release-macos-arm64 | 2.1.4 | 108.00 | NOTE | |||
r-release-macos-x86_64 | 2.1.4 | 160.00 | NOTE | |||
r-release-windows-x86_64 | 2.1.4 | 86.00 | 172.00 | 258.00 | OK | |
r-oldrel-macos-arm64 | 2.1.4 | 97.00 | NOTE | |||
r-oldrel-macos-x86_64 | 2.1.4 | 121.00 | OK | |||
r-oldrel-windows-x86_64 | 2.1.4 | 79.00 | 159.00 | 238.00 | OK |
Version: 2.1.4
Check: Rd cross-references
Result: NOTE
Undeclared packages ‘tidyselect’, ‘vctrs’ in Rd xrefs
Flavor: r-devel-linux-x86_64-fedora-clang
Version: 2.1.4
Check: installed package size
Result: NOTE
installed size is 5.4Mb
sub-directories of 1Mb or more:
libs 4.5Mb
Flavors: r-release-macos-arm64, r-release-macos-x86_64, r-oldrel-macos-arm64