CRAN Package Check Results for Package readbulk

Last updated on 2023-01-27 07:50:42 CET.

Flavor Version Tinstall Tcheck Ttotal Status Flags
r-devel-linux-x86_64-debian-clang 1.1.3 1.40 21.65 23.05 NOTE
r-devel-linux-x86_64-debian-gcc 1.1.3 1.62 16.75 18.37 NOTE
r-devel-linux-x86_64-fedora-clang 1.1.3 29.68 NOTE
r-devel-linux-x86_64-fedora-gcc 1.1.3 28.48 NOTE
r-patched-linux-x86_64 1.1.3 2.19 21.51 23.70 NOTE
r-release-linux-x86_64 1.1.3 1.88 21.05 22.93 NOTE
r-release-macos-arm64 1.1.3 14.00 NOTE
r-release-macos-x86_64 1.1.3 21.00 NOTE
r-release-windows-x86_64 1.1.3 11.00 50.00 61.00 NOTE
r-oldrel-macos-arm64 1.1.3 16.00 NOTE
r-oldrel-macos-x86_64 1.1.3 22.00 NOTE
r-oldrel-windows-ix86+x86_64 1.1.3 5.00 50.00 55.00 NOTE

Check Details

Version: 1.1.3
Check: LazyData
Result: NOTE
     'LazyData' is specified without a 'data' directory
Flavors: r-devel-linux-x86_64-debian-clang, r-devel-linux-x86_64-debian-gcc, r-devel-linux-x86_64-fedora-clang, r-devel-linux-x86_64-fedora-gcc, r-patched-linux-x86_64, r-release-linux-x86_64, r-release-macos-arm64, r-release-macos-x86_64, r-release-windows-x86_64, r-oldrel-macos-arm64, r-oldrel-macos-x86_64, r-oldrel-windows-ix86+x86_64