CRAN Package Check Results for Package readbulk

Last updated on 2023-10-02 07:56:36 CEST.

Flavor Version Tinstall Tcheck Ttotal Status Flags
r-devel-linux-x86_64-debian-clang 1.1.3 2.27 20.68 22.95 NOTE
r-devel-linux-x86_64-debian-gcc 1.1.3 1.53 16.60 18.13 NOTE
r-devel-linux-x86_64-fedora-clang 1.1.3 28.64 NOTE
r-devel-linux-x86_64-fedora-gcc 1.1.3 27.93 NOTE
r-devel-windows-x86_64 1.1.3 3.00 39.00 42.00 NOTE
r-patched-linux-x86_64 1.1.3 2.13 20.72 22.85 NOTE
r-release-linux-x86_64 1.1.3 2.10 20.83 22.93 NOTE
r-release-macos-arm64 1.1.3 17.00 NOTE
r-release-macos-x86_64 1.1.3 19.00 NOTE
r-release-windows-x86_64 1.1.3 4.00 37.00 41.00 NOTE
r-oldrel-macos-arm64 1.1.3 14.00 NOTE
r-oldrel-macos-x86_64 1.1.3 21.00 NOTE
r-oldrel-windows-x86_64 1.1.3 4.00 41.00 45.00 NOTE

Check Details

Version: 1.1.3
Check: LazyData
Result: NOTE
     'LazyData' is specified without a 'data' directory
Flavors: r-devel-linux-x86_64-debian-clang, r-devel-linux-x86_64-debian-gcc, r-devel-linux-x86_64-fedora-clang, r-devel-linux-x86_64-fedora-gcc, r-devel-windows-x86_64, r-patched-linux-x86_64, r-release-linux-x86_64, r-release-macos-arm64, r-release-macos-x86_64, r-release-windows-x86_64, r-oldrel-macos-arm64, r-oldrel-macos-x86_64, r-oldrel-windows-x86_64