Last updated on 2023-02-02 06:55:03 CET.
Flavor | Version | Tinstall | Tcheck | Ttotal | Status | Flags |
---|---|---|---|---|---|---|
r-devel-linux-x86_64-debian-clang | 1.1.1 | 2.65 | 28.65 | 31.30 | OK | |
r-devel-linux-x86_64-debian-gcc | 1.1.1 | 2.09 | 22.70 | 24.79 | OK | |
r-devel-linux-x86_64-fedora-clang | 1.1.1 | 40.06 | OK | |||
r-devel-linux-x86_64-fedora-gcc | 1.1.1 | 49.33 | OK | |||
r-devel-windows-x86_64 | 1.1.1 | 111.00 | 73.00 | 184.00 | ERROR | |
r-patched-linux-x86_64 | 1.1.1 | 2.67 | 28.51 | 31.18 | OK | |
r-release-linux-x86_64 | 1.1.1 | 2.38 | 29.82 | 32.20 | OK | |
r-release-macos-arm64 | 1.1.1 | 27.00 | OK | |||
r-release-macos-x86_64 | 1.1.1 | 26.00 | OK | |||
r-release-windows-x86_64 | 1.1.1 | 75.00 | 77.00 | 152.00 | OK | |
r-oldrel-macos-arm64 | 1.1.1 | 29.00 | OK | |||
r-oldrel-macos-x86_64 | 1.1.1 | 32.00 | OK | |||
r-oldrel-windows-ix86+x86_64 | 1.1.1 | 6.00 | 55.00 | 61.00 | OK |
Version: 1.1.1
Check: tests
Result: ERROR
Running 'testthat.R' [1s]
Running the tests in 'tests/testthat.R' failed.
Complete output:
> library(testthat)
Error: package or namespace load failed for 'testthat' in inDL(x, as.logical(local), as.logical(now), ...):
unable to load shared object 'D:/RCompile/CRANpkg/lib/4.3/testthat/libs/x64/testthat.dll':
LoadLibrary failure: Die Auslagerungsdatei ist zu klein, um diesen Vorgang durchzuführen.
Execution halted
Flavor: r-devel-windows-x86_64