Last updated on 2023-06-08 07:59:08 CEST.
Flavor | Version | Tinstall | Tcheck | Ttotal | Status | Flags |
---|---|---|---|---|---|---|
r-devel-linux-x86_64-debian-clang | 1.4.5 | 62.08 | 157.79 | 219.87 | NOTE | |
r-devel-linux-x86_64-debian-gcc | 1.4.5 | 49.70 | 116.14 | 165.84 | NOTE | |
r-devel-linux-x86_64-fedora-clang | 1.4.5 | 286.73 | NOTE | |||
r-devel-linux-x86_64-fedora-gcc | 1.4.5 | 291.96 | NOTE | |||
r-devel-windows-x86_64 | 1.4.5 | 49.00 | 138.00 | 187.00 | NOTE | |
r-patched-linux-x86_64 | 1.4.5 | 41.96 | 148.36 | 190.32 | NOTE | |
r-release-linux-x86_64 | 1.4.5 | 39.17 | 150.11 | 189.28 | NOTE | |
r-release-macos-arm64 | 1.4.5 | 69.00 | NOTE | |||
r-release-macos-x86_64 | 1.4.5 | 118.00 | NOTE | |||
r-release-windows-x86_64 | 1.4.5 | 62.00 | 177.00 | 239.00 | NOTE | |
r-oldrel-macos-arm64 | 1.4.5 | 64.00 | OK | |||
r-oldrel-macos-x86_64 | 1.4.5 | 99.00 | OK | |||
r-oldrel-windows-x86_64 | 1.4.5 | 62.00 | 171.00 | 233.00 | OK |
Version: 1.4.5
Check: C++ specification
Result: NOTE
Specified C++11: please drop specification unless essential
Flavors: r-devel-linux-x86_64-debian-clang, r-devel-linux-x86_64-debian-gcc, r-devel-linux-x86_64-fedora-clang, r-devel-linux-x86_64-fedora-gcc, r-devel-windows-x86_64, r-patched-linux-x86_64, r-release-linux-x86_64, r-release-macos-arm64, r-release-macos-x86_64, r-release-windows-x86_64