CRAN Package Check Results for Package rdwd

Last updated on 2023-02-08 07:54:40 CET.

Flavor Version Tinstall Tcheck Ttotal Status Flags
r-devel-linux-x86_64-debian-clang 1.6.0 15.45 115.78 131.23 OK
r-devel-linux-x86_64-debian-gcc 1.6.0 13.46 89.49 102.95 OK
r-devel-linux-x86_64-fedora-clang 1.6.0 162.38 NOTE
r-devel-linux-x86_64-fedora-gcc 1.6.0 171.77 OK
r-devel-windows-x86_64 1.6.0 42.00 161.00 203.00 NOTE
r-patched-linux-x86_64 1.6.0 16.22 110.23 126.45 OK
r-release-linux-x86_64 1.6.0 13.78 109.64 123.42 OK
r-release-macos-arm64 1.6.0 56.00 NOTE
r-release-macos-x86_64 1.6.0 77.00 NOTE
r-release-windows-x86_64 1.6.0 44.00 157.00 201.00 NOTE
r-oldrel-macos-arm64 1.6.0 55.00 NOTE
r-oldrel-macos-x86_64 1.6.0 79.00 NOTE
r-oldrel-windows-ix86+x86_64 1.6.0 29.00 142.00 171.00 NOTE

Check Details

Version: 1.6.0
Check: installed package size
Result: NOTE
     installed size is 5.5Mb
     sub-directories of 1Mb or more:
     R 3.5Mb
     data 1.4Mb
Flavors: r-devel-linux-x86_64-fedora-clang, r-devel-windows-x86_64, r-release-macos-arm64, r-release-macos-x86_64, r-release-windows-x86_64, r-oldrel-macos-arm64, r-oldrel-macos-x86_64, r-oldrel-windows-ix86+x86_64