Last updated on 2023-01-30 09:54:22 CET.
Flavor | Version | Tinstall | Tcheck | Ttotal | Status | Flags |
---|---|---|---|---|---|---|
r-devel-linux-x86_64-debian-clang | 0.8.2.1 | 2.81 | 29.05 | 31.86 | NOTE | |
r-devel-linux-x86_64-debian-gcc | 0.8.2.1 | 2.36 | 23.19 | 25.55 | NOTE | |
r-devel-linux-x86_64-fedora-clang | 0.8.2.1 | 41.47 | NOTE | |||
r-devel-linux-x86_64-fedora-gcc | 0.8.2.1 | 39.65 | NOTE | |||
r-devel-windows-x86_64 | 0.8.2.1 | 32.00 | 61.00 | 93.00 | NOTE | |
r-patched-linux-x86_64 | 0.8.2.1 | 3.58 | 28.77 | 32.35 | NOTE | |
r-release-linux-x86_64 | 0.8.2.1 | 1.85 | 29.30 | 31.15 | NOTE | |
r-release-macos-arm64 | 0.8.2.1 | 21.00 | NOTE | |||
r-release-macos-x86_64 | 0.8.2.1 | 29.00 | NOTE | |||
r-release-windows-x86_64 | 0.8.2.1 | 20.00 | 60.00 | 80.00 | NOTE | |
r-oldrel-macos-arm64 | 0.8.2.1 | 18.00 | NOTE | |||
r-oldrel-macos-x86_64 | 0.8.2.1 | 30.00 | NOTE | |||
r-oldrel-windows-ix86+x86_64 | 0.8.2.1 | 8.00 | 57.00 | 65.00 | NOTE |
Version: 0.8.2.1
Check: LazyData
Result: NOTE
'LazyData' is specified without a 'data' directory
Flavors: r-devel-linux-x86_64-debian-clang, r-devel-linux-x86_64-debian-gcc, r-devel-linux-x86_64-fedora-clang, r-devel-linux-x86_64-fedora-gcc, r-devel-windows-x86_64, r-patched-linux-x86_64, r-release-linux-x86_64, r-release-macos-arm64, r-release-macos-x86_64, r-release-windows-x86_64, r-oldrel-macos-arm64, r-oldrel-macos-x86_64, r-oldrel-windows-ix86+x86_64