CRAN Package Check Results for Package rde

Last updated on 2023-02-03 06:50:30 CET.

Flavor Version Tinstall Tcheck Ttotal Status Flags
r-devel-linux-x86_64-debian-clang 0.1.0 2.37 29.01 31.38 NOTE
r-devel-linux-x86_64-debian-gcc 0.1.0 1.76 22.72 24.48 NOTE
r-devel-linux-x86_64-fedora-clang 0.1.0 39.99 NOTE
r-devel-linux-x86_64-fedora-gcc 0.1.0 48.70 NOTE
r-patched-linux-x86_64 0.1.0 2.44 28.93 31.37 NOTE
r-release-linux-x86_64 0.1.0 2.10 28.92 31.02 NOTE
r-release-macos-arm64 0.1.0 17.00 NOTE
r-release-macos-x86_64 0.1.0 30.00 NOTE
r-release-windows-x86_64 0.1.0 12.00 73.00 85.00 NOTE
r-oldrel-macos-arm64 0.1.0 19.00 NOTE
r-oldrel-macos-x86_64 0.1.0 31.00 NOTE
r-oldrel-windows-ix86+x86_64 0.1.0 5.00 53.00 58.00 NOTE

Additional issues

donttest

Check Details

Version: 0.1.0
Check: LazyData
Result: NOTE
     'LazyData' is specified without a 'data' directory
Flavors: r-devel-linux-x86_64-debian-clang, r-devel-linux-x86_64-debian-gcc, r-devel-linux-x86_64-fedora-clang, r-devel-linux-x86_64-fedora-gcc, r-patched-linux-x86_64, r-release-linux-x86_64, r-release-macos-arm64, r-release-macos-x86_64, r-release-windows-x86_64, r-oldrel-macos-arm64, r-oldrel-macos-x86_64, r-oldrel-windows-ix86+x86_64