Last updated on 2023-02-06 06:52:06 CET.
Flavor | Version | Tinstall | Tcheck | Ttotal | Status | Flags |
---|---|---|---|---|---|---|
r-devel-linux-x86_64-debian-clang | 0.3.2 | 5.71 | 57.50 | 63.21 | OK | |
r-devel-linux-x86_64-debian-gcc | 0.3.2 | 5.05 | 43.44 | 48.49 | OK | |
r-devel-linux-x86_64-fedora-clang | 0.3.2 | 86.66 | OK | |||
r-devel-linux-x86_64-fedora-gcc | 0.3.2 | 88.09 | OK | |||
r-devel-windows-x86_64 | 0.3.2 | 15.00 | 97.00 | 112.00 | NOTE | |
r-patched-linux-x86_64 | 0.3.2 | 4.76 | 54.99 | 59.75 | OK | |
r-release-linux-x86_64 | 0.3.2 | 5.48 | 56.27 | 61.75 | OK | |
r-release-macos-arm64 | 0.3.2 | 30.00 | OK | |||
r-release-macos-x86_64 | 0.3.2 | 56.00 | OK | |||
r-release-windows-x86_64 | 0.3.2 | 11.00 | 108.00 | 119.00 | OK | |
r-oldrel-macos-arm64 | 0.3.2 | 28.00 | OK | |||
r-oldrel-macos-x86_64 | 0.3.2 | 42.00 | OK | |||
r-oldrel-windows-ix86+x86_64 | 0.3.2 | 14.00 | 89.00 | 103.00 | OK |
Version: 0.3.2
Check: Rd \usage sections
Result: NOTE
Error in .libPaths(c(unlist(strsplit(Sys.getenv("R_LIBS"), ";")), libs)) :
lazy-load database 'D:/RCompile/recent/R/library/base/R/base.rdb' is corrupt
Calls: local ... eval.parent -> eval -> eval -> eval -> eval -> .libPaths
In addition: Warning message:
In .libPaths(c(unlist(strsplit(Sys.getenv("R_LIBS"), ";")), libs)) :
internal error -4 in R_decompress1
Execution halted
The \usage entries for S3 methods should use the \method markup and not
their full name.
See chapter 'Writing R documentation files' in the 'Writing R
Extensions' manual.
Flavor: r-devel-windows-x86_64