CRAN Package Check Results for Package rbtc

Last updated on 2023-03-25 07:02:29 CET.

Flavor Version Tinstall Tcheck Ttotal Status Flags
r-devel-linux-x86_64-debian-clang 0.1-6 4.18 44.64 48.82 NOTE
r-devel-linux-x86_64-debian-gcc 0.1-6 5.07 34.90 39.97 NOTE
r-devel-linux-x86_64-fedora-clang 0.1-6 64.46 NOTE
r-devel-linux-x86_64-fedora-gcc 0.1-6 59.92 NOTE
r-patched-linux-x86_64 0.1-6 9.19 39.65 48.84 NOTE
r-release-linux-x86_64 0.1-6 4.37 39.97 44.34 NOTE
r-release-macos-arm64 0.1-6 21.00 NOTE
r-release-macos-x86_64 0.1-6 31.00 NOTE
r-release-windows-x86_64 0.1-6 46.00 75.00 121.00 NOTE
r-oldrel-macos-arm64 0.1-6 27.00 NOTE
r-oldrel-macos-x86_64 0.1-6 39.00 NOTE
r-oldrel-windows-ix86+x86_64 0.1-6 15.00 70.00 85.00 NOTE

Check Details

Version: 0.1-6
Check: LazyData
Result: NOTE
     'LazyData' is specified without a 'data' directory
Flavors: r-devel-linux-x86_64-debian-clang, r-devel-linux-x86_64-debian-gcc, r-devel-linux-x86_64-fedora-clang, r-devel-linux-x86_64-fedora-gcc, r-patched-linux-x86_64, r-release-linux-x86_64, r-release-macos-arm64, r-release-macos-x86_64, r-release-windows-x86_64, r-oldrel-macos-arm64, r-oldrel-macos-x86_64, r-oldrel-windows-ix86+x86_64