Last updated on 2023-02-06 06:52:06 CET.
Flavor | Version | Tinstall | Tcheck | Ttotal | Status | Flags |
---|---|---|---|---|---|---|
r-devel-linux-x86_64-debian-clang | 0.1.0 | 52.02 | 30.13 | 82.15 | NOTE | |
r-devel-linux-x86_64-debian-gcc | 0.1.0 | 34.49 | 23.23 | 57.72 | NOTE | |
r-devel-linux-x86_64-fedora-clang | 0.1.0 | 116.57 | NOTE | |||
r-devel-linux-x86_64-fedora-gcc | 0.1.0 | 94.18 | NOTE | |||
r-devel-windows-x86_64 | 0.1.0 | 43.00 | 30.00 | 73.00 | FAIL | |
r-patched-linux-x86_64 | 0.1.0 | 41.57 | 30.56 | 72.13 | OK | |
r-release-linux-x86_64 | 0.1.0 | 35.45 | 29.59 | 65.04 | OK | |
r-release-macos-arm64 | 0.1.0 | 30.00 | OK | |||
r-release-macos-x86_64 | 0.1.0 | 43.00 | OK | |||
r-release-windows-x86_64 | 0.1.0 | 53.00 | 85.00 | 138.00 | OK | |
r-oldrel-macos-arm64 | 0.1.0 | 35.00 | OK | |||
r-oldrel-macos-x86_64 | 0.1.0 | 47.00 | OK | |||
r-oldrel-windows-ix86+x86_64 | 0.1.0 | 112.00 | 88.00 | 200.00 | OK |
Version: 0.1.0
Check: C++ specification
Result: NOTE
Specified C++11: please update to current default of C++17
Flavors: r-devel-linux-x86_64-debian-clang, r-devel-linux-x86_64-debian-gcc, r-devel-linux-x86_64-fedora-clang, r-devel-linux-x86_64-fedora-gcc, r-devel-windows-x86_64
Version: 0.1.0
Check: compiled code
Result: NOTE
Error in system2(DLL_nm, c("-x", shQuote(f)), stdout = TRUE, stderr = TRUE) :
'CreateProcess' failed to run 'd:\rtools43\x86_64-w64-mingw32.static.posix\bin\objdump.exe -x "D:/RCompile/CRANpkg/lib/4.3/rbscCI/libs/x64/rbscCI.dll"'
Calls: <Anonymous> ... unlist -> lapply -> lapply -> FUN -> read_symbols_from_dll
Execution halted
See 'Writing portable packages' in the 'Writing R Extensions' manual.
Flavor: r-devel-windows-x86_64
Version: 0.1.0
Check: examples
Result: ERROR
Running massageExamples to create 'rbscCI-Ex.R' failed
NONE
Flavor: r-devel-windows-x86_64
Version: 0.1.0
Check: tests
Result: FAIL
Flavor: r-devel-windows-x86_64