Last updated on 2023-01-29 08:57:10 CET.
Flavor | Version | Tinstall | Tcheck | Ttotal | Status | Flags |
---|---|---|---|---|---|---|
r-devel-linux-x86_64-debian-clang | 1.1.0 | 2.76 | 97.91 | 100.67 | OK | |
r-devel-linux-x86_64-debian-gcc | 1.1.0 | 3.07 | 66.00 | 69.07 | OK | |
r-devel-linux-x86_64-fedora-clang | 1.1.0 | 129.74 | OK | |||
r-devel-linux-x86_64-fedora-gcc | 1.1.0 | 132.50 | OK | |||
r-devel-windows-x86_64 | 1.1.0 | 33.00 | 116.00 | 149.00 | NOTE | |
r-patched-linux-x86_64 | 1.1.0 | 3.45 | 89.40 | 92.85 | OK | |
r-release-linux-x86_64 | 1.1.0 | 2.96 | 88.90 | 91.86 | OK | |
r-release-macos-arm64 | 1.1.0 | 33.00 | OK | |||
r-release-macos-x86_64 | 1.1.0 | 54.00 | OK | |||
r-release-windows-x86_64 | 1.1.0 | 32.00 | 118.00 | 150.00 | OK | |
r-oldrel-macos-arm64 | 1.1.0 | 35.00 | OK | |||
r-oldrel-macos-x86_64 | 1.1.0 | 48.00 | OK | |||
r-oldrel-windows-ix86+x86_64 | 1.1.0 | 9.00 | 123.00 | 132.00 | OK |
Version: 1.1.0
Check: for unstated dependencies in vignettes
Result: NOTE
Error in eval(quote({ :
lazy-load database 'D:/RCompile/recent/R/library/base/R/base.rdb' is corrupt
Calls: local -> eval.parent -> eval -> eval -> eval -> eval
In addition: Warning message:
In eval(quote({ : internal error -4 in R_decompress1
Execution halted
Flavor: r-devel-windows-x86_64
Version: 1.1.0
Check: HTML version of manual
Result: NOTE
Encountered the following conversion/validation errors:
'CreateProcess' failed to run 'd:\rtools43\x86_64-w64-mingw32.static.posix\bin\tidy.exe -language en -qe --drop-empty-elements no D:\temp\RtmpgrqWUZ\fileb3a420394a6c'
Flavor: r-devel-windows-x86_64