Last updated on 2023-02-06 06:52:06 CET.
Flavor | Version | Tinstall | Tcheck | Ttotal | Status | Flags |
---|---|---|---|---|---|---|
r-devel-linux-x86_64-debian-clang | 0.3.3 | 11.72 | 129.23 | 140.95 | OK | |
r-devel-linux-x86_64-debian-gcc | 0.3.3 | 8.99 | 96.76 | 105.75 | OK | |
r-devel-linux-x86_64-fedora-clang | 0.3.3 | 166.93 | OK | |||
r-devel-linux-x86_64-fedora-gcc | 0.3.3 | 149.97 | OK | |||
r-devel-windows-x86_64 | 0.3.3 | 24.00 | 97.00 | 121.00 | FAIL | |
r-patched-linux-x86_64 | 0.3.3 | 14.72 | 128.05 | 142.77 | OK | |
r-release-linux-x86_64 | 0.3.3 | 10.39 | 102.76 | 113.15 | OK | |
r-release-macos-arm64 | 0.3.3 | 47.00 | OK | |||
r-release-macos-x86_64 | 0.3.3 | 58.00 | OK | |||
r-release-windows-x86_64 | 0.3.3 | 18.00 | 138.00 | 156.00 | OK | |
r-oldrel-macos-arm64 | 0.3.3 | 48.00 | OK | |||
r-oldrel-macos-x86_64 | 0.3.3 | 60.00 | OK | |||
r-oldrel-windows-ix86+x86_64 | 0.3.3 | 24.00 | 141.00 | 165.00 | OK |
Version: 0.3.3
Check: re-building of vignette outputs
Result: ERROR
Error(s) in re-building vignettes:
Flavor: r-devel-windows-x86_64
Version: 0.3.3
Check: PDF version of manual
Result: WARN
LaTeX errors when creating PDF version.
This typically indicates Rd problems.
Flavor: r-devel-windows-x86_64
Version: 0.3.3
Check: PDF version of manual without index
Result: ERROR
Re-running with no redirection of stdout/stderr.
Flavor: r-devel-windows-x86_64
Version: 0.3.3
Check: HTML version of manual
Result: FAIL
Flavor: r-devel-windows-x86_64