Last updated on 2023-01-31 07:54:22 CET.
Flavor | Version | Tinstall | Tcheck | Ttotal | Status | Flags |
---|---|---|---|---|---|---|
r-devel-linux-x86_64-debian-clang | 1.2.0 | 430.46 | 163.18 | 593.64 | NOTE | |
r-devel-linux-x86_64-debian-gcc | 1.2.0 | 430.83 | 138.66 | 569.49 | NOTE | |
r-devel-linux-x86_64-fedora-clang | 1.2.0 | 776.13 | NOTE | |||
r-devel-linux-x86_64-fedora-gcc | 1.2.0 | 977.56 | NOTE | |||
r-devel-windows-x86_64 | 1.2.0 | 368.00 | 251.00 | 619.00 | NOTE | |
r-patched-linux-x86_64 | 1.2.0 | 319.91 | 178.02 | 497.93 | NOTE | |
r-release-linux-x86_64 | 1.2.0 | 338.84 | 179.13 | 517.97 | NOTE | |
r-release-macos-arm64 | 1.2.0 | 220.00 | NOTE | |||
r-release-macos-x86_64 | 1.2.0 | 534.00 | NOTE | |||
r-release-windows-x86_64 | 1.2.0 | 486.00 | 260.00 | 746.00 | NOTE | |
r-oldrel-macos-arm64 | 1.2.0 | 322.00 | NOTE | |||
r-oldrel-macos-x86_64 | 1.2.0 | 262.00 | NOTE | |||
r-oldrel-windows-ix86+x86_64 | 1.2.0 | 1026.00 | 317.00 | 1343.00 | NOTE |
Version: 1.2.0
Check: for GNU extensions in Makefiles
Result: NOTE
GNU make is a SystemRequirements.
Flavors: r-devel-linux-x86_64-debian-clang, r-devel-linux-x86_64-debian-gcc, r-devel-linux-x86_64-fedora-clang, r-devel-linux-x86_64-fedora-gcc, r-devel-windows-x86_64, r-patched-linux-x86_64, r-release-linux-x86_64, r-release-macos-arm64, r-release-macos-x86_64, r-release-windows-x86_64, r-oldrel-macos-arm64, r-oldrel-macos-x86_64, r-oldrel-windows-ix86+x86_64
Version: 1.2.0
Check: C++ specification
Result: NOTE
Specified C++14: please update to current default of C++17
Flavors: r-devel-linux-x86_64-debian-gcc, r-devel-linux-x86_64-fedora-clang, r-devel-linux-x86_64-fedora-gcc, r-devel-windows-x86_64
Version: 1.2.0
Check: installed package size
Result: NOTE
installed size is 5.6Mb
sub-directories of 1Mb or more:
libs 4.8Mb
Flavors: r-devel-linux-x86_64-fedora-clang, r-release-macos-arm64, r-release-macos-x86_64, r-oldrel-macos-arm64, r-oldrel-macos-x86_64, r-oldrel-windows-ix86+x86_64