Last updated on 2023-03-27 07:50:26 CEST.
Flavor | Version | Tinstall | Tcheck | Ttotal | Status | Flags |
---|---|---|---|---|---|---|
r-devel-linux-x86_64-debian-clang | 1.0.1 | 3.81 | 42.03 | 45.84 | NOTE | |
r-devel-linux-x86_64-debian-gcc | 1.0.1 | 2.72 | 32.39 | 35.11 | NOTE | |
r-devel-linux-x86_64-fedora-clang | 1.0.1 | 56.27 | NOTE | |||
r-devel-linux-x86_64-fedora-gcc | 1.0.1 | 65.09 | NOTE | |||
r-patched-linux-x86_64 | 1.0.1 | 2.81 | 40.06 | 42.87 | NOTE | |
r-release-linux-x86_64 | 1.0.1 | 2.36 | 43.01 | 45.37 | OK | |
r-release-macos-arm64 | 1.0.1 | 24.00 | OK | |||
r-release-macos-x86_64 | 1.0.1 | 31.00 | OK | |||
r-release-windows-x86_64 | 1.0.1 | 16.00 | 84.00 | 100.00 | OK | |
r-oldrel-macos-arm64 | 1.0.1 | 22.00 | OK | |||
r-oldrel-macos-x86_64 | 1.0.1 | 29.00 | OK | |||
r-oldrel-windows-ix86+x86_64 | 1.0.1 | 8.00 | 71.00 | 79.00 | OK |
Version: 1.0.1
Check: package subdirectories
Result: NOTE
Problems with news in ‘NEWS.md’:
No news entries found.
Flavors: r-devel-linux-x86_64-debian-clang, r-devel-linux-x86_64-debian-gcc, r-devel-linux-x86_64-fedora-clang, r-devel-linux-x86_64-fedora-gcc, r-patched-linux-x86_64