Last updated on 2023-06-08 07:59:08 CEST.
Flavor | Version | Tinstall | Tcheck | Ttotal | Status | Flags |
---|---|---|---|---|---|---|
r-devel-linux-x86_64-debian-clang | 3.6-20 | 275.93 | 494.90 | 770.83 | OK | |
r-devel-linux-x86_64-debian-gcc | 3.6-20 | 204.27 | 368.65 | 572.92 | OK | |
r-devel-linux-x86_64-fedora-clang | 3.6-20 | 1045.13 | OK | |||
r-devel-linux-x86_64-fedora-gcc | 3.6-20 | 1014.20 | OK | |||
r-devel-windows-x86_64 | 3.6-20 | 202.00 | 394.00 | 596.00 | NOTE | |
r-patched-linux-x86_64 | 3.6-20 | 233.55 | 470.26 | 703.81 | OK | |
r-release-linux-x86_64 | 3.6-20 | 231.82 | 469.17 | 700.99 | OK | |
r-release-macos-arm64 | 3.6-20 | 224.00 | NOTE | |||
r-release-macos-x86_64 | 3.6-20 | 433.00 | NOTE | |||
r-release-windows-x86_64 | 3.6-20 | 273.00 | 512.00 | 785.00 | NOTE | |
r-oldrel-macos-arm64 | 3.6-20 | 205.00 | NOTE | |||
r-oldrel-macos-x86_64 | 3.6-20 | 264.00 | NOTE | |||
r-oldrel-windows-x86_64 | 3.6-20 | 255.00 | 492.00 | 747.00 | NOTE |
Version: 3.6-20
Check: installed package size
Result: NOTE
installed size is 5.5Mb
sub-directories of 1Mb or more:
R 3.1Mb
libs 1.4Mb
Flavors: r-devel-windows-x86_64, r-release-macos-arm64, r-release-macos-x86_64, r-release-windows-x86_64, r-oldrel-macos-arm64, r-oldrel-macos-x86_64, r-oldrel-windows-x86_64