Last updated on 2023-02-07 07:54:11 CET.
Flavor | Version | Tinstall | Tcheck | Ttotal | Status | Flags |
---|---|---|---|---|---|---|
r-devel-linux-x86_64-debian-clang | 0.1.1 | 51.39 | 91.53 | 142.92 | OK | |
r-devel-linux-x86_64-debian-gcc | 0.1.1 | 39.15 | 69.37 | 108.52 | OK | |
r-devel-linux-x86_64-fedora-clang | 0.1.1 | 183.13 | OK | |||
r-devel-linux-x86_64-fedora-gcc | 0.1.1 | 185.77 | OK | |||
r-devel-windows-x86_64 | 0.1.1 | 48.00 | 144.00 | 192.00 | OK | |
r-patched-linux-x86_64 | 0.1.1 | 42.28 | 85.08 | 127.36 | OK | |
r-release-linux-x86_64 | 0.1.1 | 36.48 | 87.86 | 124.34 | OK | |
r-release-macos-arm64 | 0.1.1 | 52.00 | OK | |||
r-release-macos-x86_64 | 0.1.1 | 70.00 | OK | |||
r-release-windows-x86_64 | 0.1.1 | 56.00 | 150.00 | 206.00 | OK | |
r-oldrel-macos-arm64 | 0.1.1 | 55.00 | NOTE | |||
r-oldrel-macos-x86_64 | 0.1.1 | 101.00 | OK | |||
r-oldrel-windows-ix86+x86_64 | 0.1.1 | 108.00 | 156.00 | 264.00 | OK |
Version: 0.1.1
Check: installed package size
Result: NOTE
installed size is 5.5Mb
sub-directories of 1Mb or more:
doc 1.2Mb
libs 4.2Mb
Flavor: r-oldrel-macos-arm64