CRAN Package Check Results for Package rapidoc

Last updated on 2023-01-30 09:54:21 CET.

Flavor Version Tinstall Tcheck Ttotal Status Flags
r-devel-linux-x86_64-debian-clang 8.4.3 1.96 20.36 22.32 NOTE
r-devel-linux-x86_64-debian-gcc 8.4.3 1.70 16.38 18.08 NOTE
r-devel-linux-x86_64-fedora-clang 8.4.3 29.06 NOTE
r-devel-linux-x86_64-fedora-gcc 8.4.3 27.84 NOTE
r-devel-windows-x86_64 8.4.3 15.00 59.00 74.00 NOTE
r-patched-linux-x86_64 8.4.3 2.21 20.88 23.09 NOTE
r-release-linux-x86_64 8.4.3 2.25 21.42 23.67 NOTE
r-release-macos-arm64 8.4.3 13.00 NOTE
r-release-macos-x86_64 8.4.3 19.00 NOTE
r-release-windows-x86_64 8.4.3 19.00 51.00 70.00 NOTE
r-oldrel-macos-arm64 8.4.3 16.00 NOTE
r-oldrel-macos-x86_64 8.4.3 23.00 NOTE
r-oldrel-windows-ix86+x86_64 8.4.3 5.00 50.00 55.00 NOTE

Check Details

Version: 8.4.3
Check: LazyData
Result: NOTE
     'LazyData' is specified without a 'data' directory
Flavors: r-devel-linux-x86_64-debian-clang, r-devel-linux-x86_64-debian-gcc, r-devel-linux-x86_64-fedora-clang, r-devel-linux-x86_64-fedora-gcc, r-devel-windows-x86_64, r-patched-linux-x86_64, r-release-linux-x86_64, r-release-macos-arm64, r-release-macos-x86_64, r-release-windows-x86_64, r-oldrel-macos-arm64, r-oldrel-macos-x86_64, r-oldrel-windows-ix86+x86_64

Version: 8.4.3
Check: dependencies in R code
Result: NOTE
    Namespace in Imports field not imported from: ‘jsonlite’
     All declared Imports should be used.
Flavors: r-devel-linux-x86_64-fedora-clang, r-devel-linux-x86_64-fedora-gcc, r-release-macos-arm64, r-release-macos-x86_64, r-oldrel-macos-arm64, r-oldrel-macos-x86_64