Last updated on 2023-01-28 08:00:43 CET.
Flavor | Version | Tinstall | Tcheck | Ttotal | Status | Flags |
---|---|---|---|---|---|---|
r-devel-linux-x86_64-debian-clang | 0.14.1 | 99.39 | 118.65 | 218.04 | OK | |
r-devel-linux-x86_64-debian-gcc | 0.14.1 | 88.37 | 91.39 | 179.76 | NOTE | |
r-devel-linux-x86_64-fedora-clang | 0.14.1 | 313.19 | NOTE | |||
r-devel-linux-x86_64-fedora-gcc | 0.14.1 | 307.97 | NOTE | |||
r-patched-linux-x86_64 | 0.14.1 | 94.14 | 115.08 | 209.22 | OK | |
r-release-linux-x86_64 | 0.14.1 | 87.47 | 116.79 | 204.26 | OK | |
r-release-macos-arm64 | 0.14.1 | 72.00 | NOTE | |||
r-release-macos-x86_64 | 0.14.1 | 99.00 | NOTE | |||
r-release-windows-x86_64 | 0.14.1 | 96.00 | 226.00 | 322.00 | OK | |
r-oldrel-macos-arm64 | 0.14.1 | 71.00 | NOTE | |||
r-oldrel-macos-x86_64 | 0.14.1 | 98.00 | NOTE | |||
r-oldrel-windows-ix86+x86_64 | 0.14.1 | 248.00 | 240.00 | 488.00 | WARN |
Version: 0.14.1
Check: C++ specification
Result: NOTE
Specified C++11: please update to current default of C++17
Flavors: r-devel-linux-x86_64-debian-gcc, r-devel-linux-x86_64-fedora-clang, r-devel-linux-x86_64-fedora-gcc
Version: 0.14.1
Check: installed package size
Result: NOTE
installed size is 7.2Mb
sub-directories of 1Mb or more:
libs 7.0Mb
Flavors: r-release-macos-arm64, r-release-macos-x86_64, r-oldrel-macos-arm64, r-oldrel-macos-x86_64
Version: 0.14.1
Check: for unstated dependencies in ‘tests’
Result: WARN
Warning: unable to access index for repository https://bioconductor.org/packages/3.14/bioc/src/contrib:
cannot open URL 'https://bioconductor.org/packages/3.14/bioc/src/contrib/PACKAGES'
Warning: unable to access index for repository https://bioconductor.org/packages/3.14/data/annotation/src/contrib:
cannot open URL 'https://bioconductor.org/packages/3.14/data/annotation/src/contrib/PACKAGES'
Warning: unable to access index for repository https://bioconductor.org/packages/3.14/data/experiment/src/contrib:
cannot open URL 'https://bioconductor.org/packages/3.14/data/experiment/src/contrib/PACKAGES'
Flavor: r-oldrel-windows-ix86+x86_64