CRAN Package Check Results for Package ranger

Last updated on 2024-02-27 07:54:57 CET.

Flavor Version Tinstall Tcheck Ttotal Status Flags
r-devel-linux-x86_64-debian-clang 0.16.0 117.91 118.97 236.88 OK
r-devel-linux-x86_64-debian-gcc 0.16.0 96.75 91.56 188.31 OK
r-devel-linux-x86_64-fedora-clang 0.16.0 336.25 OK
r-devel-linux-x86_64-fedora-gcc 0.16.0 337.48 OK
r-devel-windows-x86_64 0.16.0 92.00 138.00 230.00 OK
r-patched-linux-x86_64 0.16.0 120.47 119.66 240.13 OK
r-release-linux-x86_64 0.16.0 125.57 119.08 244.65 OK
r-release-macos-arm64 0.16.0 76.00 NOTE
r-release-macos-x86_64 0.16.0 142.00 NOTE
r-release-windows-x86_64 0.16.0 117.00 164.00 281.00 OK
r-oldrel-macos-arm64 0.16.0 77.00 NOTE
r-oldrel-windows-x86_64 0.16.0 104.00 158.00 262.00 OK

Check Details

Version: 0.16.0
Check: installed package size
Result: NOTE installed size is 7.5Mb sub-directories of 1Mb or more: libs 7.2Mb Flavors: r-release-macos-arm64, r-release-macos-x86_64, r-oldrel-macos-arm64