Last updated on 2023-02-01 07:53:13 CET.
Flavor | Version | Tinstall | Tcheck | Ttotal | Status | Flags |
---|---|---|---|---|---|---|
r-devel-linux-x86_64-debian-clang | 0.1.18 | 44.40 | 374.46 | 418.86 | OK | |
r-devel-linux-x86_64-debian-gcc | 0.1.18 | 35.48 | 275.07 | 310.55 | OK | |
r-devel-linux-x86_64-fedora-clang | 0.1.18 | 497.35 | NOTE | |||
r-devel-linux-x86_64-fedora-gcc | 0.1.18 | 516.91 | NOTE | |||
r-devel-windows-x86_64 | 0.1.18 | 73.00 | 446.00 | 519.00 | OK | |
r-patched-linux-x86_64 | 0.1.18 | 27.67 | 360.35 | 388.02 | OK | |
r-release-linux-x86_64 | 0.1.18 | 29.39 | 357.79 | 387.18 | OK | |
r-release-macos-arm64 | 0.1.18 | 116.00 | NOTE | |||
r-release-macos-x86_64 | 0.1.18 | 217.00 | NOTE | |||
r-release-windows-x86_64 | 0.1.18 | 83.00 | 445.00 | 528.00 | OK | |
r-oldrel-macos-arm64 | 0.1.18 | 94.00 | NOTE | |||
r-oldrel-macos-x86_64 | 0.1.18 | 89.00 | NOTE | |||
r-oldrel-windows-ix86+x86_64 | 0.1.18 | 100.00 | 418.00 | 518.00 | OK |
Version: 0.1.18
Check: data for non-ASCII characters
Result: NOTE
Note: found 7734 marked UTF-8 strings
Flavors: r-devel-linux-x86_64-fedora-clang, r-devel-linux-x86_64-fedora-gcc, r-release-macos-arm64, r-release-macos-x86_64, r-oldrel-macos-arm64, r-oldrel-macos-x86_64