CRAN Package Check Results for Package rangeModelMetadata

Last updated on 2023-01-30 09:54:21 CET.

Flavor Version Tinstall Tcheck Ttotal Status Flags
r-devel-linux-x86_64-debian-clang 0.1.4 3.14 89.72 92.86 NOTE
r-devel-linux-x86_64-debian-gcc 0.1.4 3.06 65.97 69.03 NOTE
r-devel-linux-x86_64-fedora-clang 0.1.4 113.26 NOTE
r-devel-linux-x86_64-fedora-gcc 0.1.4 136.28 NOTE
r-devel-windows-x86_64 0.1.4 134.00 129.00 263.00 OK
r-patched-linux-x86_64 0.1.4 3.08 85.73 88.81 NOTE
r-release-linux-x86_64 0.1.4 2.54 73.44 75.98 NOTE
r-release-macos-arm64 0.1.4 36.00 NOTE
r-release-macos-x86_64 0.1.4 55.00 NOTE
r-release-windows-x86_64 0.1.4 103.00 114.00 217.00 OK
r-oldrel-macos-arm64 0.1.4 34.00 NOTE
r-oldrel-macos-x86_64 0.1.4 38.00 NOTE
r-oldrel-windows-ix86+x86_64 0.1.4 10.00 116.00 126.00 OK

Check Details

Version: 0.1.4
Check: package dependencies
Result: NOTE
    Package suggested but not available for checking: ‘googlesheets’
Flavors: r-devel-linux-x86_64-debian-clang, r-devel-linux-x86_64-debian-gcc, r-devel-linux-x86_64-fedora-clang, r-devel-linux-x86_64-fedora-gcc, r-patched-linux-x86_64, r-release-linux-x86_64, r-release-macos-x86_64

Version: 0.1.4
Check: dependencies in R code
Result: NOTE
    Namespaces in Imports field not imported from:
     ‘MASS’ ‘dplyr’ ‘jsonlite’ ‘rgbif’ ‘rgdal’ ‘rgeos’ ‘sp’ ‘spThin’
     ‘spatstat’
     All declared Imports should be used.
Flavors: r-devel-linux-x86_64-fedora-clang, r-devel-linux-x86_64-fedora-gcc, r-release-macos-arm64, r-release-macos-x86_64, r-oldrel-macos-arm64, r-oldrel-macos-x86_64