Last updated on 2023-02-05 07:57:32 CET.
Flavor | Version | Tinstall | Tcheck | Ttotal | Status | Flags |
---|---|---|---|---|---|---|
r-devel-linux-x86_64-debian-clang | 2.0 | 22.10 | 72.91 | 95.01 | NOTE | |
r-devel-linux-x86_64-debian-gcc | 2.0 | 16.26 | 52.96 | 69.22 | NOTE | |
r-devel-linux-x86_64-fedora-clang | 2.0 | 130.54 | NOTE | |||
r-devel-linux-x86_64-fedora-gcc | 2.0 | 116.82 | NOTE | |||
r-devel-windows-x86_64 | 2.0 | 40.00 | 120.00 | 160.00 | NOTE | |
r-patched-linux-x86_64 | 2.0 | 22.72 | 69.49 | 92.21 | OK | |
r-release-linux-x86_64 | 2.0 | 19.02 | 68.25 | 87.27 | OK | |
r-release-macos-arm64 | 2.0 | 48.00 | OK | |||
r-release-macos-x86_64 | 2.0 | 52.00 | OK | |||
r-release-windows-x86_64 | 2.0 | 37.00 | 127.00 | 164.00 | OK | |
r-oldrel-macos-arm64 | 2.0 | 50.00 | OK | |||
r-oldrel-macos-x86_64 | 2.0 | 54.00 | OK | |||
r-oldrel-windows-ix86+x86_64 | 2.0 | 61.00 | 149.00 | 210.00 | OK |
Version: 2.0
Check: C++ specification
Result: NOTE
Specified C++11: please update to current default of C++17
Flavors: r-devel-linux-x86_64-debian-clang, r-devel-linux-x86_64-debian-gcc, r-devel-linux-x86_64-fedora-clang, r-devel-linux-x86_64-fedora-gcc, r-devel-windows-x86_64