CRAN Package Check Results for Package randomizr

Last updated on 2022-09-25 06:54:18 CEST.

Flavor Version Tinstall Tcheck Ttotal Status Flags
r-devel-linux-x86_64-debian-clang 0.22.0 4.70 74.86 79.56 NOTE
r-devel-linux-x86_64-debian-gcc 0.22.0 3.80 55.04 58.84 NOTE
r-devel-linux-x86_64-fedora-clang 0.22.0 106.56 NOTE
r-devel-linux-x86_64-fedora-gcc 0.22.0 104.06 NOTE
r-devel-windows-x86_64 0.22.0 69.00 113.00 182.00 OK
r-patched-linux-x86_64 0.22.0 6.02 69.88 75.90 NOTE
r-release-linux-x86_64 0.22.0 4.59 69.55 74.14 NOTE
r-release-macos-arm64 0.22.0 34.00 OK
r-release-macos-x86_64 0.22.0 46.00 OK
r-release-windows-x86_64 0.22.0 78.00 107.00 185.00 OK
r-oldrel-macos-arm64 0.22.0 37.00 OK
r-oldrel-macos-x86_64 0.22.0 49.00 OK
r-oldrel-windows-ix86+x86_64 0.22.0 14.00 134.00 148.00 OK

Check Details

Version: 0.22.0
Check: package dependencies
Result: NOTE
    Package suggested but not available for checking: 'ri'
Flavors: r-devel-linux-x86_64-debian-clang, r-devel-linux-x86_64-debian-gcc, r-devel-linux-x86_64-fedora-clang, r-devel-linux-x86_64-fedora-gcc, r-patched-linux-x86_64, r-release-linux-x86_64