CRAN Package Check Results for Package randomcoloR

Last updated on 2023-06-02 07:55:31 CEST.

Flavor Version Tinstall Tcheck Ttotal Status Flags
r-devel-linux-x86_64-debian-clang 1.1.0.1 3.67 42.78 46.45 NOTE
r-devel-linux-x86_64-debian-gcc 1.1.0.1 3.12 33.24 36.36 NOTE
r-devel-linux-x86_64-fedora-clang 1.1.0.1 58.10 NOTE
r-devel-linux-x86_64-fedora-gcc 1.1.0.1 55.25 NOTE
r-devel-windows-x86_64 1.1.0.1 4.00 57.00 61.00 NOTE
r-patched-linux-x86_64 1.1.0.1 NOTE
r-release-linux-x86_64 1.1.0.1 3.58 40.65 44.23 NOTE
r-release-macos-arm64 1.1.0.1 23.00 NOTE
r-release-macos-x86_64 1.1.0.1 38.00 NOTE
r-release-windows-x86_64 1.1.0.1 5.00 58.00 63.00 NOTE
r-oldrel-macos-arm64 1.1.0.1 21.00 NOTE
r-oldrel-macos-x86_64 1.1.0.1 29.00 NOTE
r-oldrel-windows-x86_64 1.1.0.1 6.00 66.00 72.00 NOTE

Check Details

Version: 1.1.0.1
Check: LazyData
Result: NOTE
     'LazyData' is specified without a 'data' directory
Flavors: r-devel-linux-x86_64-debian-clang, r-devel-linux-x86_64-debian-gcc, r-devel-linux-x86_64-fedora-clang, r-devel-linux-x86_64-fedora-gcc, r-devel-windows-x86_64, r-patched-linux-x86_64, r-release-linux-x86_64, r-release-macos-arm64, r-release-macos-x86_64, r-release-windows-x86_64, r-oldrel-macos-arm64, r-oldrel-macos-x86_64, r-oldrel-windows-x86_64