CRAN Package Check Results for Package randgeo

Last updated on 2023-09-26 08:04:22 CEST.

Flavor Version Tinstall Tcheck Ttotal Status Flags
r-devel-linux-x86_64-debian-clang 0.3.0 2.18 28.04 30.22 NOTE
r-devel-linux-x86_64-debian-gcc 0.3.0 1.89 21.89 23.78 NOTE
r-devel-linux-x86_64-fedora-clang 0.3.0 38.11 NOTE
r-devel-linux-x86_64-fedora-gcc 0.3.0 49.47 NOTE
r-devel-windows-x86_64 0.3.0 2.00 49.00 51.00 NOTE
r-patched-linux-x86_64 0.3.0 2.32 27.10 29.42 NOTE
r-release-linux-x86_64 0.3.0 2.55 27.00 29.55 NOTE
r-release-macos-arm64 0.3.0 23.00 NOTE
r-release-macos-x86_64 0.3.0 33.00 NOTE
r-release-windows-x86_64 0.3.0 3.00 48.00 51.00 NOTE
r-oldrel-macos-arm64 0.3.0 19.00 NOTE
r-oldrel-macos-x86_64 0.3.0 24.00 NOTE
r-oldrel-windows-x86_64 0.3.0 4.00 49.00 53.00 NOTE

Check Details

Version: 0.3.0
Check: LazyData
Result: NOTE
     'LazyData' is specified without a 'data' directory
Flavors: r-devel-linux-x86_64-debian-clang, r-devel-linux-x86_64-debian-gcc, r-devel-linux-x86_64-fedora-clang, r-devel-linux-x86_64-fedora-gcc, r-devel-windows-x86_64, r-patched-linux-x86_64, r-release-linux-x86_64, r-release-macos-arm64, r-release-macos-x86_64, r-release-windows-x86_64, r-oldrel-macos-arm64, r-oldrel-macos-x86_64, r-oldrel-windows-x86_64