CRAN Package Check Results for Package rainbow

Last updated on 2023-05-31 07:57:40 CEST.

Flavor Version Tinstall Tcheck Ttotal Status Flags
r-devel-linux-x86_64-debian-clang 3.7 11.31 132.32 143.63 OK
r-devel-linux-x86_64-debian-gcc 3.7 10.80 104.02 114.82 OK
r-devel-linux-x86_64-fedora-clang 3.7 185.27 OK
r-devel-linux-x86_64-fedora-gcc 3.7 187.54 OK
r-devel-windows-x86_64 3.7 11.00 145.00 156.00 OK
r-patched-linux-x86_64 3.7 11.71 129.46 141.17 OK
r-release-linux-x86_64 3.7 11.17 130.18 141.35 OK
r-release-macos-arm64 3.7 92.00 OK
r-release-macos-x86_64 3.7 125.00 NOTE
r-release-windows-x86_64 3.7 16.00 166.00 182.00 OK
r-oldrel-macos-arm64 3.7 87.00 OK
r-oldrel-macos-x86_64 3.7 102.00 OK
r-oldrel-windows-x86_64 3.7 16.00 168.00 184.00 OK

Check Details

Version: 3.7
Check: re-building of vignette outputs
Result: NOTE
    Error(s) in re-building vignettes:
    --- re-building ‘rainbow.Rnw’ using Sweave
    Loading required package: MASS
    Loading required package: pcaPP
    Warning in fts(x, notchlow) :
     Please assign column name for the data matrix.
    Warning in fts(x, notchupper) :
     Please assign column name for the data matrix.
    Warning in fts(x, centercurve) :
     Please assign column name for the data matrix.
    Warning in fts(x, centercurve) :
     Please assign column name for the data matrix.
    Warning in fts(object$x, svdr[, , i]) :
     Please assign column name for the data matrix.
    Warning in fts(object$x, svdr[, , i]) :
     Please assign column name for the data matrix.
    Warning in fts(object$x, svdr[, , i]) :
     Please assign column name for the data matrix.
    Warning in fts(object$x, svdrecon) :
     Please assign column name for the data matrix.
    Error: processing vignette 'rainbow.Rnw' failed with diagnostics:
    Running 'texi2dvi' on 'rainbow.tex' failed.
    LaTeX errors:
    ! LaTeX Error: File `animate.sty' not found.
    
    Type X to quit or <RETURN> to proceed,
    or enter new name. (Default extension: sty)
    
    ! Emergency stop.
    <read *>
    
    l.9 \usepackage
     [utf8]{inputenc}^^M
    ! ==> Fatal error occurred, no output PDF file produced!
    --- failed re-building ‘rainbow.Rnw’
    
    SUMMARY: processing the following file failed:
     ‘rainbow.Rnw’
    
    Error: Vignette re-building failed.
    Execution halted
Flavor: r-release-macos-x86_64