Last updated on 2023-01-27 07:50:41 CET.
Flavor | Version | Tinstall | Tcheck | Ttotal | Status | Flags |
---|---|---|---|---|---|---|
r-devel-linux-x86_64-debian-clang | 1.0.0 | 6.44 | 62.60 | 69.04 | NOTE | |
r-devel-linux-x86_64-debian-gcc | 1.0.0 | 4.20 | 45.63 | 49.83 | NOTE | |
r-devel-linux-x86_64-fedora-clang | 1.0.0 | 84.78 | NOTE | |||
r-devel-linux-x86_64-fedora-gcc | 1.0.0 | 81.09 | NOTE | |||
r-patched-linux-x86_64 | 1.0.0 | 5.66 | 59.93 | 65.59 | NOTE | |
r-release-linux-x86_64 | 1.0.0 | 4.88 | 59.81 | 64.69 | NOTE | |
r-release-macos-arm64 | 1.0.0 | 27.00 | NOTE | |||
r-release-macos-x86_64 | 1.0.0 | 53.00 | NOTE | |||
r-release-windows-x86_64 | 1.0.0 | 19.00 | 86.00 | 105.00 | NOTE | |
r-oldrel-macos-arm64 | 1.0.0 | 29.00 | NOTE | |||
r-oldrel-macos-x86_64 | 1.0.0 | 41.00 | NOTE | |||
r-oldrel-windows-ix86+x86_64 | 1.0.0 | 17.00 | 84.00 | 101.00 | NOTE |
Version: 1.0.0
Check: LazyData
Result: NOTE
'LazyData' is specified without a 'data' directory
Flavors: r-devel-linux-x86_64-debian-clang, r-devel-linux-x86_64-debian-gcc, r-devel-linux-x86_64-fedora-clang, r-devel-linux-x86_64-fedora-gcc, r-patched-linux-x86_64, r-release-linux-x86_64, r-release-macos-arm64, r-release-macos-x86_64, r-release-windows-x86_64, r-oldrel-macos-arm64, r-oldrel-macos-x86_64, r-oldrel-windows-ix86+x86_64