Last updated on 2023-02-04 08:01:25 CET.
Flavor | Version | Tinstall | Tcheck | Ttotal | Status | Flags |
---|---|---|---|---|---|---|
r-devel-linux-x86_64-debian-clang | 0.3.4 | 92.05 | 227.65 | 319.70 | OK | |
r-devel-linux-x86_64-debian-gcc | 0.3.4 | 75.88 | 162.52 | 238.40 | OK | |
r-devel-linux-x86_64-fedora-clang | 0.3.4 | 399.70 | NOTE | |||
r-devel-linux-x86_64-fedora-gcc | 0.3.4 | 388.53 | NOTE | |||
r-devel-windows-x86_64 | 0.3.4 | 110.00 | 269.00 | 379.00 | OK | |
r-patched-linux-x86_64 | 0.3.4 | 83.74 | 204.26 | 288.00 | OK | |
r-release-linux-x86_64 | 0.3.4 | 76.62 | 204.07 | 280.69 | OK | |
r-release-macos-arm64 | 0.3.4 | 97.00 | NOTE | |||
r-release-macos-x86_64 | 0.3.4 | 159.00 | NOTE | |||
r-release-windows-x86_64 | 0.3.4 | 119.00 | 298.00 | 417.00 | OK | |
r-oldrel-macos-arm64 | 0.3.4 | 133.00 | NOTE | |||
r-oldrel-macos-x86_64 | 0.3.4 | 181.00 | NOTE | |||
r-oldrel-windows-ix86+x86_64 | 0.3.4 | 190.00 | 359.00 | 549.00 | OK |
Version: 0.3.4
Check: dependencies in R code
Result: NOTE
Namespaces in Imports field not imported from:
‘Biobase’ ‘CGHbase’
All declared Imports should be used.
Flavors: r-devel-linux-x86_64-fedora-clang, r-devel-linux-x86_64-fedora-gcc, r-release-macos-arm64, r-release-macos-x86_64, r-oldrel-macos-arm64, r-oldrel-macos-x86_64
Version: 0.3.4
Check: Rd cross-references
Result: NOTE
Undeclared packages ‘longitudinal’, ‘gRbase’ in Rd xrefs
Flavor: r-devel-linux-x86_64-fedora-clang
Version: 0.3.4
Check: installed package size
Result: NOTE
installed size is 10.1Mb
sub-directories of 1Mb or more:
libs 9.5Mb
Flavors: r-release-macos-arm64, r-release-macos-x86_64, r-oldrel-macos-arm64, r-oldrel-macos-x86_64