Last updated on 2023-02-06 06:52:06 CET.
Flavor | Version | Tinstall | Tcheck | Ttotal | Status | Flags |
---|---|---|---|---|---|---|
r-devel-linux-x86_64-debian-clang | 1.5.0 | 17.17 | 183.54 | 200.71 | OK | |
r-devel-linux-x86_64-debian-gcc | 1.5.0 | 13.34 | 138.10 | 151.44 | OK | |
r-devel-linux-x86_64-fedora-clang | 1.5.0 | 250.88 | NOTE | |||
r-devel-linux-x86_64-fedora-gcc | 1.5.0 | 266.68 | OK | |||
r-devel-windows-x86_64 | 1.5.0 | 17.00 | 213.00 | 230.00 | OK | |
r-patched-linux-x86_64 | 1.5.0 | 15.27 | 182.39 | 197.66 | OK | |
r-release-linux-x86_64 | 1.5.0 | 18.30 | 178.94 | 197.24 | OK | |
r-release-macos-arm64 | 1.5.0 | 71.00 | OK | |||
r-release-macos-x86_64 | 1.5.0 | 115.00 | OK | |||
r-release-windows-x86_64 | 1.5.0 | 20.00 | 248.00 | 268.00 | OK | |
r-oldrel-macos-arm64 | 1.5.0 | 79.00 | OK | |||
r-oldrel-macos-x86_64 | 1.5.0 | 113.00 | OK | |||
r-oldrel-windows-ix86+x86_64 | 1.5.0 | 37.00 | 233.00 | 270.00 | OK |
Version: 1.5.0
Check: installed package size
Result: NOTE
installed size is 5.0Mb
sub-directories of 1Mb or more:
doc 4.9Mb
Flavor: r-devel-linux-x86_64-fedora-clang