CRAN Package Check Results for Package radiant

Last updated on 2024-02-27 07:54:57 CET.

Flavor Version Tinstall Tcheck Ttotal Status Flags
r-devel-linux-x86_64-debian-clang 1.6.1 0.95 2.04 2.99 ERROR
r-devel-linux-x86_64-debian-gcc 1.6.1 14.16 140.14 154.30 OK
r-devel-linux-x86_64-fedora-clang 1.6.1 250.64 NOTE
r-devel-linux-x86_64-fedora-gcc 1.6.1 267.69 OK
r-devel-windows-x86_64 1.6.1 18.00 177.00 195.00 OK
r-patched-linux-x86_64 1.6.1 14.07 175.23 189.30 OK
r-release-linux-x86_64 1.6.1 17.91 180.29 198.20 OK
r-release-macos-arm64 1.6.1 73.00 OK
r-release-macos-x86_64 1.6.1 94.00 OK
r-release-windows-x86_64 1.6.1 27.00 189.00 216.00 OK
r-oldrel-macos-arm64 1.6.1 77.00 OK
r-oldrel-windows-x86_64 1.6.1 25.00 200.00 225.00 OK

Check Details

Version: 1.6.1
Check: package dependencies
Result: ERROR Packages required but not available: 'radiant.data', 'radiant.design', 'radiant.basics', 'radiant.model', 'radiant.multivariate' See section ‘The DESCRIPTION file’ in the ‘Writing R Extensions’ manual. Flavor: r-devel-linux-x86_64-debian-clang

Version: 1.6.1
Check: installed package size
Result: NOTE installed size is 5.1Mb sub-directories of 1Mb or more: doc 4.9Mb Flavor: r-devel-linux-x86_64-fedora-clang