Last updated on 2023-02-05 07:57:32 CET.
Flavor | Version | Tinstall | Tcheck | Ttotal | Status | Flags |
---|---|---|---|---|---|---|
r-devel-linux-x86_64-debian-clang | 1.0.2 | 4.36 | 53.46 | 57.82 | NOTE | |
r-devel-linux-x86_64-debian-gcc | 1.0.2 | 3.26 | 47.72 | 50.98 | NOTE | |
r-devel-linux-x86_64-fedora-clang | 1.0.2 | 67.13 | NOTE | |||
r-devel-linux-x86_64-fedora-gcc | 1.0.2 | 80.59 | NOTE | |||
r-devel-windows-x86_64 | 1.0.2 | 14.00 | 77.00 | 91.00 | NOTE | |
r-patched-linux-x86_64 | 1.0.2 | 4.23 | 65.54 | 69.77 | NOTE | |
r-release-linux-x86_64 | 1.0.2 | 3.93 | 64.84 | 68.77 | NOTE | |
r-release-macos-arm64 | 1.0.2 | 24.00 | NOTE | |||
r-release-macos-x86_64 | 1.0.2 | 41.00 | NOTE | |||
r-release-windows-x86_64 | 1.0.2 | 11.00 | 100.00 | 111.00 | NOTE | |
r-oldrel-macos-arm64 | 1.0.2 | 24.00 | NOTE | |||
r-oldrel-macos-x86_64 | 1.0.2 | 34.00 | NOTE | |||
r-oldrel-windows-ix86+x86_64 | 1.0.2 | 13.00 | 81.00 | 94.00 | NOTE |
Version: 1.0.2
Check: LazyData
Result: NOTE
'LazyData' is specified without a 'data' directory
Flavors: r-devel-linux-x86_64-debian-clang, r-devel-linux-x86_64-debian-gcc, r-devel-linux-x86_64-fedora-clang, r-devel-linux-x86_64-fedora-gcc, r-devel-windows-x86_64, r-patched-linux-x86_64, r-release-linux-x86_64, r-release-macos-arm64, r-release-macos-x86_64, r-release-windows-x86_64, r-oldrel-macos-arm64, r-oldrel-macos-x86_64, r-oldrel-windows-ix86+x86_64