CRAN Package Check Results for Package rTorch

Last updated on 2023-02-05 07:57:34 CET.

Flavor Version Tinstall Tcheck Ttotal Status Flags
r-devel-linux-x86_64-debian-clang 0.4.2 8.16 87.59 95.75 NOTE
r-devel-linux-x86_64-debian-gcc 0.4.2 7.39 65.26 72.65 NOTE
r-devel-linux-x86_64-fedora-clang 0.4.2 120.12 NOTE
r-devel-linux-x86_64-fedora-gcc 0.4.2 127.83 NOTE
r-devel-windows-x86_64 0.4.2 54.00 140.00 194.00 NOTE
r-patched-linux-x86_64 0.4.2 7.40 81.16 88.56 NOTE
r-release-linux-x86_64 0.4.2 7.86 82.29 90.15 NOTE
r-release-macos-arm64 0.4.2 34.00 NOTE
r-release-macos-x86_64 0.4.2 50.00 NOTE
r-release-windows-x86_64 0.4.2 54.00 132.00 186.00 NOTE
r-oldrel-macos-arm64 0.4.2 41.00 NOTE
r-oldrel-macos-x86_64 0.4.2 67.00 NOTE
r-oldrel-windows-ix86+x86_64 0.4.2 21.00 124.00 145.00 NOTE

Check Details

Version: 0.4.2
Check: LazyData
Result: NOTE
     'LazyData' is specified without a 'data' directory
Flavors: r-devel-linux-x86_64-debian-clang, r-devel-linux-x86_64-debian-gcc, r-devel-linux-x86_64-fedora-clang, r-devel-linux-x86_64-fedora-gcc, r-devel-windows-x86_64, r-patched-linux-x86_64, r-release-linux-x86_64, r-release-macos-arm64, r-release-macos-x86_64, r-release-windows-x86_64, r-oldrel-macos-arm64, r-oldrel-macos-x86_64, r-oldrel-windows-ix86+x86_64

Version: 0.4.2
Check: dependencies in R code
Result: NOTE
    Namespace in Imports field not imported from: ‘methods’
     All declared Imports should be used.
Flavors: r-devel-linux-x86_64-fedora-clang, r-devel-linux-x86_64-fedora-gcc, r-release-macos-arm64, r-release-macos-x86_64, r-oldrel-macos-arm64, r-oldrel-macos-x86_64