Last updated on 2023-01-28 08:00:45 CET.
Flavor | Version | Tinstall | Tcheck | Ttotal | Status | Flags |
---|---|---|---|---|---|---|
r-devel-linux-x86_64-debian-clang | 0.2.0 | 325.67 | 206.58 | 532.25 | NOTE | |
r-devel-linux-x86_64-debian-gcc | 0.2.0 | 234.91 | 157.43 | 392.34 | NOTE | |
r-devel-linux-x86_64-fedora-clang | 0.2.0 | 633.22 | NOTE | |||
r-devel-linux-x86_64-fedora-gcc | 0.2.0 | 781.70 | NOTE | |||
r-patched-linux-x86_64 | 0.2.0 | 207.58 | 235.23 | 442.81 | NOTE | |
r-release-linux-x86_64 | 0.2.0 | 185.18 | 241.98 | 427.16 | NOTE | |
r-release-macos-arm64 | 0.2.0 | 164.00 | NOTE | |||
r-release-macos-x86_64 | 0.2.0 | 245.00 | NOTE | |||
r-release-windows-x86_64 | 0.2.0 | 212.00 | 293.00 | 505.00 | NOTE | |
r-oldrel-macos-arm64 | 0.2.0 | 176.00 | NOTE | |||
r-oldrel-macos-x86_64 | 0.2.0 | 229.00 | NOTE | |||
r-oldrel-windows-ix86+x86_64 | 0.2.0 | 554.00 | 312.00 | 866.00 | NOTE |
Version: 0.2.0
Check: for GNU extensions in Makefiles
Result: NOTE
GNU make is a SystemRequirements.
Flavors: r-devel-linux-x86_64-debian-clang, r-devel-linux-x86_64-debian-gcc, r-devel-linux-x86_64-fedora-clang, r-devel-linux-x86_64-fedora-gcc, r-patched-linux-x86_64, r-release-linux-x86_64, r-release-macos-arm64, r-release-macos-x86_64, r-release-windows-x86_64, r-oldrel-macos-arm64, r-oldrel-macos-x86_64, r-oldrel-windows-ix86+x86_64
Version: 0.2.0
Check: C++ specification
Result: NOTE
Specified C++14: please update to current default of C++17
Flavors: r-devel-linux-x86_64-debian-gcc, r-devel-linux-x86_64-fedora-clang, r-devel-linux-x86_64-fedora-gcc
Version: 0.2.0
Check: installed package size
Result: NOTE
installed size is 54.8Mb
sub-directories of 1Mb or more:
libs 53.7Mb
Flavors: r-release-macos-arm64, r-release-macos-x86_64, r-oldrel-macos-arm64, r-oldrel-macos-x86_64, r-oldrel-windows-ix86+x86_64