Last updated on 2023-02-02 06:55:03 CET.
Flavor | Version | Tinstall | Tcheck | Ttotal | Status | Flags |
---|---|---|---|---|---|---|
r-devel-linux-x86_64-debian-clang | 1.1-1 | 3.25 | 46.85 | 50.10 | NOTE | |
r-devel-linux-x86_64-debian-gcc | 1.1-1 | 2.91 | 35.77 | 38.68 | NOTE | |
r-devel-linux-x86_64-fedora-clang | 1.1-1 | 63.45 | NOTE | |||
r-devel-linux-x86_64-fedora-gcc | 1.1-1 | 72.78 | NOTE | |||
r-patched-linux-x86_64 | 1.1-1 | 4.42 | 43.49 | 47.91 | NOTE | |
r-release-linux-x86_64 | 1.1-1 | 2.98 | 45.01 | 47.99 | NOTE | |
r-release-macos-arm64 | 1.1-1 | 22.00 | NOTE | |||
r-release-macos-x86_64 | 1.1-1 | 35.00 | NOTE | |||
r-release-windows-x86_64 | 1.1-1 | 29.00 | 107.00 | 136.00 | NOTE | |
r-oldrel-macos-arm64 | 1.1-1 | 29.00 | NOTE | |||
r-oldrel-macos-x86_64 | 1.1-1 | 44.00 | NOTE | |||
r-oldrel-windows-ix86+x86_64 | 1.1-1 | 9.00 | 76.00 | 85.00 | NOTE |
Version: 1.1-1
Check: LazyData
Result: NOTE
'LazyData' is specified without a 'data' directory
Flavors: r-devel-linux-x86_64-debian-clang, r-devel-linux-x86_64-debian-gcc, r-devel-linux-x86_64-fedora-clang, r-devel-linux-x86_64-fedora-gcc, r-patched-linux-x86_64, r-release-linux-x86_64, r-release-macos-arm64, r-release-macos-x86_64, r-release-windows-x86_64, r-oldrel-macos-arm64, r-oldrel-macos-x86_64, r-oldrel-windows-ix86+x86_64
Version: 1.1-1
Check: package dependencies
Result: NOTE
Packages suggested but not available for checking:
'Biostrings', 'GOSemSim', 'org.Hs.eg.db'
Flavor: r-release-macos-arm64
Version: 1.1-1
Check: package dependencies
Result: NOTE
Packages suggested but not available for checking:
'GOSemSim', 'org.Hs.eg.db'
Flavor: r-oldrel-macos-arm64
Version: 1.1-1
Check: package dependencies
Result: NOTE
Package suggested but not available for checking: ‘org.Hs.eg.db’
Flavor: r-oldrel-macos-x86_64