Last updated on 2023-03-30 06:53:26 CEST.
Flavor | Version | Tinstall | Tcheck | Ttotal | Status | Flags |
---|---|---|---|---|---|---|
r-devel-linux-x86_64-debian-clang | 1.2-6 | 6.02 | 63.65 | 69.67 | WARN | |
r-devel-linux-x86_64-debian-gcc | 1.2-6 | 4.57 | 48.11 | 52.68 | WARN | |
r-devel-linux-x86_64-fedora-clang | 1.2-6 | 86.04 | WARN | |||
r-devel-linux-x86_64-fedora-gcc | 1.2-6 | 89.35 | WARN | |||
r-devel-windows-x86_64 | 1.2-6 | 33.00 | 0.00 | 33.00 | OK | |
r-patched-linux-x86_64 | 1.2-6 | 5.59 | 61.08 | 66.67 | WARN | |
r-release-linux-x86_64 | 1.2-6 | 5.47 | 59.89 | 65.36 | OK | |
r-release-macos-arm64 | 1.2-6 | 33.00 | OK | |||
r-release-macos-x86_64 | 1.2-6 | 40.00 | OK | |||
r-release-windows-x86_64 | 1.2-6 | 21.00 | 98.00 | 119.00 | OK | |
r-oldrel-macos-arm64 | 1.2-6 | 34.00 | OK | |||
r-oldrel-macos-x86_64 | 1.2-6 | 58.00 | OK | |||
r-oldrel-windows-ix86+x86_64 | 1.2-6 | 15.00 | 130.00 | 145.00 | OK |
Version: 1.2-6
Check: whether package can be installed
Result: WARN
Found the following significant warnings:
rDEA_init.c:11:28: warning: a function declaration without a prototype is deprecated in all versions of C [-Wstrict-prototypes]
See ‘/home/hornik/tmp/R.check/r-devel-clang/Work/PKGS/rDEA.Rcheck/00install.out’ for details.
* used C compiler: ‘Debian clang version 15.0.6’
Flavor: r-devel-linux-x86_64-debian-clang
Version: 1.2-6
Check: whether package can be installed
Result: WARN
Found the following significant warnings:
rDEA_init.c:11:1: warning: function declaration isn’t a prototype [-Wstrict-prototypes]
See ‘/home/hornik/tmp/R.check/r-devel-gcc/Work/PKGS/rDEA.Rcheck/00install.out’ for details.
* used C compiler: ‘gcc-12 (Debian 12.2.0-14) 12.2.0’
Flavor: r-devel-linux-x86_64-debian-gcc
Version: 1.2-6
Check: whether package can be installed
Result: WARN
Found the following significant warnings:
rDEA_init.c:11:28: warning: a function declaration without a prototype is deprecated in all versions of C [-Wstrict-prototypes]
See ‘/data/gannet/ripley/R/packages/tests-clang/rDEA.Rcheck/00install.out’ for details.
* used C compiler: ‘clang version 16.0.0’
Flavor: r-devel-linux-x86_64-fedora-clang
Version: 1.2-6
Check: Rd cross-references
Result: NOTE
Undeclared package ‘Rglpk’ in Rd xrefs
Flavor: r-devel-linux-x86_64-fedora-clang
Version: 1.2-6
Check: whether package can be installed
Result: WARN
Found the following significant warnings:
rDEA_init.c:11:1: warning: function declaration isn’t a prototype [-Wstrict-prototypes]
See ‘/data/gannet/ripley/R/packages/tests-devel/rDEA.Rcheck/00install.out’ for details.
* used C compiler: ‘gcc (GCC) 12.2.1 20221121 (Red Hat 12.2.1-4)’
Flavor: r-devel-linux-x86_64-fedora-gcc
Version: 1.2-6
Check: whether package can be installed
Result: WARN
Found the following significant warnings:
rDEA_init.c:11:1: warning: function declaration isn’t a prototype [-Wstrict-prototypes]
See ‘/home/hornik/tmp/R.check/r-patched-gcc/Work/PKGS/rDEA.Rcheck/00install.out’ for details.
* used C compiler: ‘gcc-11 (Debian 11.3.0-12) 11.3.0’
Flavor: r-patched-linux-x86_64