Last updated on 2023-03-31 07:53:36 CEST.
Flavor | Version | Tinstall | Tcheck | Ttotal | Status | Flags |
---|---|---|---|---|---|---|
r-devel-linux-x86_64-debian-clang | 0.4.3 | 12.30 | 112.98 | 125.28 | NOTE | |
r-devel-linux-x86_64-debian-gcc | 0.4.3 | 10.78 | 86.48 | 97.26 | NOTE | |
r-devel-linux-x86_64-fedora-clang | 0.4.3 | 159.17 | NOTE | |||
r-devel-linux-x86_64-fedora-gcc | 0.4.3 | 166.73 | NOTE | |||
r-devel-windows-x86_64 | 0.4.3 | 79.00 | 0.00 | 79.00 | NOTE | |
r-patched-linux-x86_64 | 0.4.3 | 10.30 | 110.04 | 120.34 | NOTE | |
r-release-linux-x86_64 | 0.4.3 | 12.68 | 103.22 | 115.90 | NOTE | |
r-release-macos-arm64 | 0.4.3 | 44.00 | NOTE | |||
r-release-macos-x86_64 | 0.4.3 | 61.00 | NOTE | |||
r-release-windows-x86_64 | 0.4.3 | 47.00 | 136.00 | 183.00 | NOTE | |
r-oldrel-macos-arm64 | 0.4.3 | 61.00 | NOTE | |||
r-oldrel-macos-x86_64 | 0.4.3 | 74.00 | NOTE | |||
r-oldrel-windows-ix86+x86_64 | 0.4.3 | 26.00 | 138.00 | 164.00 | NOTE |
Version: 0.4.3
Check: LazyData
Result: NOTE
'LazyData' is specified without a 'data' directory
Flavors: r-devel-linux-x86_64-debian-clang, r-devel-linux-x86_64-debian-gcc, r-devel-linux-x86_64-fedora-clang, r-devel-linux-x86_64-fedora-gcc, r-devel-windows-x86_64, r-patched-linux-x86_64, r-release-linux-x86_64, r-release-macos-arm64, r-release-macos-x86_64, r-release-windows-x86_64, r-oldrel-macos-arm64, r-oldrel-macos-x86_64, r-oldrel-windows-ix86+x86_64