Last updated on 2023-01-29 08:57:10 CET.
Flavor | Version | Tinstall | Tcheck | Ttotal | Status | Flags |
---|---|---|---|---|---|---|
r-devel-linux-x86_64-debian-clang | 1.6.0 | 12.55 | 79.96 | 92.51 | OK | |
r-devel-linux-x86_64-debian-gcc | 1.6.0 | 9.55 | 59.78 | 69.33 | OK | |
r-devel-linux-x86_64-fedora-clang | 1.6.0 | 116.16 | NOTE | |||
r-devel-linux-x86_64-fedora-gcc | 1.6.0 | 116.35 | OK | |||
r-devel-windows-x86_64 | 1.6.0 | 196.00 | 148.00 | 344.00 | NOTE | |
r-patched-linux-x86_64 | 1.6.0 | 9.69 | 72.91 | 82.60 | OK | |
r-release-linux-x86_64 | 1.6.0 | 10.03 | 72.75 | 82.78 | OK | |
r-release-macos-arm64 | 1.6.0 | 34.00 | NOTE | |||
r-release-macos-x86_64 | 1.6.0 | 45.00 | NOTE | |||
r-release-windows-x86_64 | 1.6.0 | 223.00 | 106.00 | 329.00 | NOTE | |
r-oldrel-macos-arm64 | 1.6.0 | 30.00 | NOTE | |||
r-oldrel-macos-x86_64 | 1.6.0 | 48.00 | NOTE | |||
r-oldrel-windows-ix86+x86_64 | 1.6.0 | 23.00 | 104.00 | 127.00 | NOTE |
Version: 1.6.0
Check: installed package size
Result: NOTE
installed size is 11.5Mb
sub-directories of 1Mb or more:
htmlwidgets 10.0Mb
super-tiny-icons 1.0Mb
Flavors: r-devel-linux-x86_64-fedora-clang, r-devel-windows-x86_64, r-release-macos-arm64, r-release-macos-x86_64, r-release-windows-x86_64, r-oldrel-macos-arm64, r-oldrel-macos-x86_64, r-oldrel-windows-ix86+x86_64