Last updated on 2023-02-06 06:52:06 CET.
Flavor | Version | Tinstall | Tcheck | Ttotal | Status | Flags |
---|---|---|---|---|---|---|
r-devel-linux-x86_64-debian-clang | 0.0.1 | 4.60 | 164.50 | 169.10 | OK | |
r-devel-linux-x86_64-debian-gcc | 0.0.1 | 4.06 | 124.18 | 128.24 | OK | |
r-devel-linux-x86_64-fedora-clang | 0.0.1 | 205.85 | NOTE | |||
r-devel-linux-x86_64-fedora-gcc | 0.0.1 | 212.99 | OK | |||
r-devel-windows-x86_64 | 0.0.1 | 65.00 | 233.00 | 298.00 | NOTE | |
r-patched-linux-x86_64 | 0.0.1 | 5.63 | 162.45 | 168.08 | OK | |
r-release-linux-x86_64 | 0.0.1 | 5.14 | 156.52 | 161.66 | OK | |
r-release-macos-arm64 | 0.0.1 | 59.00 | NOTE | |||
r-release-macos-x86_64 | 0.0.1 | 78.00 | NOTE | |||
r-release-windows-x86_64 | 0.0.1 | 56.00 | 241.00 | 297.00 | NOTE | |
r-oldrel-macos-arm64 | 0.0.1 | 52.00 | NOTE | |||
r-oldrel-macos-x86_64 | 0.0.1 | 75.00 | NOTE | |||
r-oldrel-windows-ix86+x86_64 | 0.0.1 | 12.00 | 210.00 | 222.00 | NOTE |
Version: 0.0.1
Check: installed package size
Result: NOTE
installed size is 7.3Mb
sub-directories of 1Mb or more:
doc 5.3Mb
htmlwidgets 1.8Mb
Flavors: r-devel-linux-x86_64-fedora-clang, r-devel-windows-x86_64, r-release-macos-arm64, r-release-macos-x86_64, r-release-windows-x86_64, r-oldrel-macos-arm64, r-oldrel-macos-x86_64, r-oldrel-windows-ix86+x86_64