Last updated on 2023-03-31 07:53:36 CEST.
Flavor | Version | Tinstall | Tcheck | Ttotal | Status | Flags |
---|---|---|---|---|---|---|
r-devel-linux-x86_64-debian-clang | 0.1 | 5.85 | 81.36 | 87.21 | NOTE | |
r-devel-linux-x86_64-debian-gcc | 0.1 | 4.95 | 66.65 | 71.60 | NOTE | |
r-devel-linux-x86_64-fedora-clang | 0.1 | 105.70 | NOTE | |||
r-devel-linux-x86_64-fedora-gcc | 0.1 | 115.49 | NOTE | |||
r-devel-windows-x86_64 | 0.1 | 27.00 | 0.00 | 27.00 | NOTE | |
r-patched-linux-x86_64 | 0.1 | 6.85 | 85.89 | 92.74 | NOTE | |
r-release-linux-x86_64 | 0.1 | 6.72 | 77.46 | 84.18 | NOTE | |
r-release-macos-arm64 | 0.1 | 32.00 | NOTE | |||
r-release-macos-x86_64 | 0.1 | 45.00 | NOTE | |||
r-release-windows-x86_64 | 0.1 | 34.00 | 133.00 | 167.00 | NOTE | |
r-oldrel-macos-arm64 | 0.1 | 38.00 | NOTE | |||
r-oldrel-macos-x86_64 | 0.1 | 55.00 | NOTE | |||
r-oldrel-windows-ix86+x86_64 | 0.1 | 13.00 | 86.00 | 99.00 | NOTE |
Version: 0.1
Check: LazyData
Result: NOTE
'LazyData' is specified without a 'data' directory
Flavors: r-devel-linux-x86_64-debian-clang, r-devel-linux-x86_64-debian-gcc, r-devel-linux-x86_64-fedora-clang, r-devel-linux-x86_64-fedora-gcc, r-devel-windows-x86_64, r-patched-linux-x86_64, r-release-linux-x86_64, r-release-macos-arm64, r-release-macos-x86_64, r-release-windows-x86_64, r-oldrel-macos-arm64, r-oldrel-macos-x86_64, r-oldrel-windows-ix86+x86_64
Version: 0.1
Check: installed package size
Result: NOTE
installed size is 5.0Mb
Flavor: r-devel-linux-x86_64-fedora-clang
Version: 0.1
Check: dependencies in R code
Result: NOTE
Namespace in Imports field not imported from: ‘utils’
All declared Imports should be used.
Flavors: r-devel-linux-x86_64-fedora-clang, r-devel-linux-x86_64-fedora-gcc, r-release-macos-arm64, r-release-macos-x86_64, r-oldrel-macos-arm64, r-oldrel-macos-x86_64