CRAN Package Check Results for Package quiltr

Last updated on 2023-01-27 07:50:41 CET.

Flavor Version Tinstall Tcheck Ttotal Status Flags
r-devel-linux-x86_64-debian-clang 0.1.0 2.77 26.59 29.36 OK
r-devel-linux-x86_64-debian-gcc 0.1.0 1.97 20.75 22.72 OK
r-devel-linux-x86_64-fedora-clang 0.1.0 37.54 NOTE
r-devel-linux-x86_64-fedora-gcc 0.1.0 46.06 NOTE
r-patched-linux-x86_64 0.1.0 2.95 27.42 30.37 OK
r-release-linux-x86_64 0.1.0 2.26 26.79 29.05 OK
r-release-macos-arm64 0.1.0 17.00 NOTE
r-release-macos-x86_64 0.1.0 25.00 NOTE
r-release-windows-x86_64 0.1.0 17.00 65.00 82.00 OK
r-oldrel-macos-arm64 0.1.0 83.00 NOTE
r-oldrel-macos-x86_64 0.1.0 25.00 NOTE
r-oldrel-windows-ix86+x86_64 0.1.0 6.00 54.00 60.00 OK

Check Details

Version: 0.1.0
Check: data for non-ASCII characters
Result: NOTE
     Note: found 99 marked UTF-8 strings
Flavors: r-devel-linux-x86_64-fedora-clang, r-devel-linux-x86_64-fedora-gcc, r-release-macos-arm64, r-release-macos-x86_64, r-oldrel-macos-arm64, r-oldrel-macos-x86_64