Last updated on 2023-01-31 07:54:21 CET.
Flavor | Version | Tinstall | Tcheck | Ttotal | Status | Flags |
---|---|---|---|---|---|---|
r-devel-linux-x86_64-debian-clang | 0.1.8 | 44.95 | 388.17 | 433.12 | NOTE | |
r-devel-linux-x86_64-debian-gcc | 0.1.8 | 34.35 | 280.83 | 315.18 | NOTE | |
r-devel-linux-x86_64-fedora-clang | 0.1.8 | 521.48 | NOTE | |||
r-devel-linux-x86_64-fedora-gcc | 0.1.8 | 536.84 | NOTE | |||
r-devel-windows-x86_64 | 0.1.8 | 83.00 | 381.00 | 464.00 | NOTE | |
r-patched-linux-x86_64 | 0.1.8 | 51.76 | 369.83 | 421.59 | NOTE | |
r-release-linux-x86_64 | 0.1.8 | 40.62 | 375.17 | 415.79 | NOTE | |
r-release-macos-arm64 | 0.1.8 | 120.00 | NOTE | |||
r-release-macos-x86_64 | 0.1.8 | 162.00 | NOTE | |||
r-release-windows-x86_64 | 0.1.8 | 101.00 | 394.00 | 495.00 | NOTE | |
r-oldrel-macos-arm64 | 0.1.8 | 104.00 | NOTE | |||
r-oldrel-macos-x86_64 | 0.1.8 | 159.00 | NOTE | |||
r-oldrel-windows-ix86+x86_64 | 0.1.8 | 91.00 | 378.00 | 469.00 | NOTE |
Version: 0.1.8
Check: package dependencies
Result: NOTE
Packages suggested but not available for checking: 'fastshp', 'visualTest'
Flavors: r-devel-linux-x86_64-debian-clang, r-devel-linux-x86_64-debian-gcc, r-devel-linux-x86_64-fedora-clang, r-devel-linux-x86_64-fedora-gcc, r-devel-windows-x86_64, r-patched-linux-x86_64, r-release-linux-x86_64, r-release-macos-arm64, r-release-macos-x86_64, r-release-windows-x86_64, r-oldrel-macos-arm64, r-oldrel-macos-x86_64, r-oldrel-windows-ix86+x86_64