CRAN Package Check Results for Package quest

Last updated on 2022-09-28 06:54:15 CEST.

Flavor Version Tinstall Tcheck Ttotal Status Flags
r-devel-linux-x86_64-debian-clang 0.1.0 4.74 45.95 50.69 OK
r-devel-linux-x86_64-debian-gcc 0.1.0 3.62 35.37 38.99 OK
r-devel-linux-x86_64-fedora-clang 0.1.0 78.07 NOTE
r-devel-linux-x86_64-fedora-gcc 0.1.0 74.65 NOTE
r-devel-windows-x86_64 0.1.0 23.00 93.00 116.00 OK
r-patched-linux-x86_64 0.1.0 11.99 43.10 55.09 OK
r-release-linux-x86_64 0.1.0 3.50 41.86 45.36 OK
r-release-macos-arm64 0.1.0 24.00 NOTE
r-release-macos-x86_64 0.1.0 44.00 NOTE
r-release-windows-x86_64 0.1.0 19.00 79.00 98.00 OK
r-oldrel-macos-arm64 0.1.0 26.00 NOTE
r-oldrel-macos-x86_64 0.1.0 33.00 NOTE
r-oldrel-windows-ix86+x86_64 0.1.0 10.00 73.00 83.00 OK

Check Details

Version: 0.1.0
Check: dependencies in R code
Result: NOTE
    Namespaces in Imports field not imported from:
     ‘psych’ ‘psychTools’
     All declared Imports should be used.
Flavors: r-devel-linux-x86_64-fedora-clang, r-devel-linux-x86_64-fedora-gcc, r-release-macos-arm64, r-release-macos-x86_64, r-oldrel-macos-arm64, r-oldrel-macos-x86_64

Version: 0.1.0
Check: Rd cross-references
Result: NOTE
    Undeclared package ‘reshape’ in Rd xrefs
Flavor: r-devel-linux-x86_64-fedora-clang