CRAN Package Check Results for Package quantregGrowth

Last updated on 2024-03-03 08:52:42 CET.

Flavor Version Tinstall Tcheck Ttotal Status Flags
r-devel-linux-x86_64-debian-clang 1.7-0 13.24 113.59 126.83 NOTE
r-devel-linux-x86_64-debian-gcc 1.7-0 12.31 85.06 97.37 NOTE
r-devel-linux-x86_64-fedora-clang 1.7-0 156.24 NOTE
r-devel-linux-x86_64-fedora-gcc 1.7-0 164.60 NOTE
r-devel-windows-x86_64 1.7-0 13.00 102.00 115.00 OK
r-patched-linux-x86_64 1.7-0 19.89 111.95 131.84 OK
r-release-linux-x86_64 1.7-0 12.19 111.11 123.30 OK
r-release-macos-arm64 1.7-0 47.00 OK
r-release-macos-x86_64 1.7-0 147.00 OK
r-release-windows-x86_64 1.7-0 18.00 118.00 136.00 OK
r-oldrel-macos-arm64 1.7-0 46.00 OK
r-oldrel-windows-x86_64 1.7-0 17.00 124.00 141.00 OK

Check Details

Version: 1.7-0
Check: Rd files
Result: NOTE checkRd: (-1) ps.Rd:77: Lost braces; missing escapes or markup? 77 | such as [x, ..., x^{d-1}, Z], where \eqn{Z= B D'(DD')^{-1}}{Z= B D'(DD')^{-1}}, \eqn{d}{d} is the difference order and \eqn{B}{B} is the B-spline basis. Only the coefficients of Z are penalized via an identity matrix. Currently \code{decom=TRUE} does not work with shape (monotonicity and concavity) restrictions and noncrossing constraints. | ^ Flavors: r-devel-linux-x86_64-debian-clang, r-devel-linux-x86_64-debian-gcc, r-devel-linux-x86_64-fedora-clang, r-devel-linux-x86_64-fedora-gcc