Last updated on 2023-02-01 07:53:13 CET.
Flavor | Version | Tinstall | Tcheck | Ttotal | Status | Flags |
---|---|---|---|---|---|---|
r-devel-linux-x86_64-debian-clang | 0.4.20 | 19.17 | 100.59 | 119.76 | NOTE | |
r-devel-linux-x86_64-debian-gcc | 0.4.20 | 12.76 | 74.14 | 86.90 | NOTE | |
r-devel-linux-x86_64-fedora-clang | 0.4.20 | 143.46 | OK | |||
r-devel-linux-x86_64-fedora-gcc | 0.4.20 | 142.88 | OK | |||
r-devel-windows-x86_64 | 0.4.20 | 121.00 | 135.00 | 256.00 | OK | |
r-patched-linux-x86_64 | 0.4.20 | 20.37 | 92.45 | 112.82 | NOTE | |
r-release-linux-x86_64 | 0.4.20 | 12.84 | 94.96 | 107.80 | NOTE | |
r-release-macos-arm64 | 0.4.20 | 36.00 | OK | |||
r-release-macos-x86_64 | 0.4.20 | 57.00 | OK | |||
r-release-windows-x86_64 | 0.4.20 | 122.00 | 134.00 | 256.00 | OK | |
r-oldrel-macos-arm64 | 0.4.20 | 37.00 | OK | |||
r-oldrel-macos-x86_64 | 0.4.20 | 49.00 | OK | |||
r-oldrel-windows-ix86+x86_64 | 0.4.20 | 29.00 | 116.00 | 145.00 | OK |
Version: 0.4.20
Check: R code for possible problems
Result: NOTE
Found the following calls to attach():
File ‘quantmod/R/attachSymbols.R’:
attach(NULL, pos = pos, name = DB$name)
attach(NULL, pos = pos, name = DB$name)
See section ‘Good practice’ in ‘?attach’.
Flavors: r-devel-linux-x86_64-debian-clang, r-devel-linux-x86_64-debian-gcc, r-patched-linux-x86_64, r-release-linux-x86_64